{"id":14612,"date":"2020-01-17T21:29:48","date_gmt":"2020-01-17T21:29:48","guid":{"rendered":"https:\/\/artos.dk\/bogigen\/?page_id=14612"},"modified":"2023-02-13T16:44:19","modified_gmt":"2023-02-13T16:44:19","slug":"toj-med-mening","status":"publish","type":"page","link":"https:\/\/gavermedmening.dk\/?page_id=14612","title":{"rendered":"T\u00f8j med mening"},"content":{"rendered":"<p>[et_pb_section fb_built=&#8221;1&#8243; _builder_version=&#8221;4.4.6&#8243; transform_scale_tablet=&#8221;&#8221; transform_scale_phone=&#8221;&#8221; transform_scale_last_edited=&#8221;on|desktop&#8221; transform_translate_tablet=&#8221;0px|0px&#8221; transform_translate_phone=&#8221;&#8221; transform_translate_last_edited=&#8221;on|phone&#8221; transform_translate_linked=&#8221;off&#8221; transform_rotate_tablet=&#8221;&#8221; transform_rotate_phone=&#8221;&#8221; transform_rotate_last_edited=&#8221;on|desktop&#8221; transform_skew_tablet=&#8221;&#8221; transform_skew_phone=&#8221;&#8221; transform_skew_last_edited=&#8221;on|desktop&#8221; transform_origin_tablet=&#8221;&#8221; transform_origin_phone=&#8221;&#8221; transform_origin_last_edited=&#8221;on|desktop&#8221; transform_styles_last_edited=&#8221;on|phone&#8221; z_index=&#8221;1&#8243; custom_margin_tablet=&#8221;&#8221; custom_margin_phone=&#8221;||||false|false&#8221; custom_margin_last_edited=&#8221;on|phone&#8221; hover_enabled=&#8221;0&#8243; transform_styles_tablet=&#8221;&#8221; transform_styles_phone=&#8221;&#8221; custom_margin=&#8221;||2vw||false|false&#8221;][et_pb_row column_structure=&#8221;1_4,1_4,1_4,1_4&#8243; _builder_version=&#8221;4.4.6&#8243; transform_scale_tablet=&#8221;&#8221; transform_scale_phone=&#8221;&#8221; transform_scale_last_edited=&#8221;on|phone&#8221; transform_translate_tablet=&#8221;&#8221; transform_translate_phone=&#8221;&#8221; transform_translate_last_edited=&#8221;on|phone&#8221; transform_rotate_tablet=&#8221;&#8221; transform_rotate_phone=&#8221;&#8221; transform_rotate_last_edited=&#8221;on|phone&#8221; transform_skew_tablet=&#8221;&#8221; transform_skew_phone=&#8221;&#8221; transform_skew_last_edited=&#8221;on|phone&#8221; transform_origin_tablet=&#8221;&#8221; transform_origin_phone=&#8221;&#8221; transform_origin_last_edited=&#8221;on|phone&#8221; transform_styles_last_edited=&#8221;on|phone&#8221; custom_margin=&#8221;||||false|false&#8221; custom_margin_tablet=&#8221;||||false|false&#8221; custom_margin_phone=&#8221;||||false|false&#8221; custom_margin_last_edited=&#8221;on|desktop&#8221; transform_styles_tablet=&#8221;&#8221; transform_styles_phone=&#8221;&#8221;][et_pb_column type=&#8221;1_4&#8243; _builder_version=&#8221;4.0.11&#8243;][et_pb_text _builder_version=&#8221;4.4.6&#8243; text_font=&#8221;||||||||&#8221; text_text_color=&#8221;#E09900&#8243; header_font=&#8221;||||||||&#8221; header_text_color=&#8221;#ffffff&#8221; background_image=&#8221;https:\/\/artos.dk\/bogigen\/wp-content\/uploads\/sites\/11\/2020\/01\/and.jpg&#8221; height=&#8221;135px&#8221; custom_margin=&#8221;||||false|false&#8221; custom_padding=&#8221;50px||50px||false|false&#8221; custom_padding_last_edited=&#8221;off|desktop&#8221; link_option_url=&#8221;https:\/\/bogigen.dk\/emner\/danske-boeger\/kristne-boeger\/liv-og-tro\/andagtsboeger&#8221; header_text_shadow_style=&#8221;preset3&#8243; header_text_shadow_color=&#8221;#000000&#8243;]<\/p>\n<h1 style=\"text-align: center;\"><strong>Andagtsb\u00f8ger<\/strong><\/h1>\n<p>[\/et_pb_text][et_pb_text _builder_version=&#8221;4.4.6&#8243; text_font=&#8221;||||||||&#8221; text_text_color=&#8221;#E09900&#8243; header_font=&#8221;||||||||&#8221; header_text_color=&#8221;#ffffff&#8221; background_image=&#8221;https:\/\/artos.dk\/bogigen\/wp-content\/uploads\/sites\/11\/2020\/01\/evm.jpg&#8221; height=&#8221;135px&#8221; custom_margin=&#8221;||||false|false&#8221; custom_padding=&#8221;45px||50px||false|false&#8221; custom_padding_last_edited=&#8221;off|desktop&#8221; link_option_url=&#8221;https:\/\/bogigen.dk\/emner\/danske-boeger\/kristne-boeger\/liv-og-tro\/evangelisationmission-liv-og-tro&#8221; header_text_shadow_style=&#8221;preset3&#8243; header_text_shadow_color=&#8221;#000000&#8243;]<\/p>\n<h1 style=\"text-align: center;\"><strong>Evangelisation og mission<\/strong><\/h1>\n<p>[\/et_pb_text][et_pb_text _builder_version=&#8221;4.4.6&#8243; text_font=&#8221;||||||||&#8221; text_text_color=&#8221;#E09900&#8243; header_font=&#8221;||||||||&#8221; header_text_color=&#8221;#ffffff&#8221; background_image=&#8221;https:\/\/artos.dk\/bogigen\/wp-content\/uploads\/sites\/11\/2020\/01\/krp.jpg&#8221; height=&#8221;135px&#8221; custom_margin=&#8221;||||false|false&#8221; custom_padding=&#8221;45px||50px||false|false&#8221; custom_padding_last_edited=&#8221;off|desktop&#8221; link_option_url=&#8221;https:\/\/bogigen.dk\/emner\/danske-boeger\/kristne-boeger\/liv-og-tro\/kristne-personligheder-liv-og-tro&#8221; header_text_shadow_style=&#8221;preset3&#8243; header_text_shadow_color=&#8221;#000000&#8243;]<\/p>\n<h1 style=\"text-align: center;\"><strong>Kristne personligheder<\/strong><\/h1>\n<p>[\/et_pb_text][et_pb_text _builder_version=&#8221;4.4.6&#8243; text_font=&#8221;||||||||&#8221; text_text_color=&#8221;#E09900&#8243; header_font=&#8221;||||||||&#8221; header_text_color=&#8221;#ffffff&#8221; background_image=&#8221;https:\/\/artos.dk\/bogigen\/wp-content\/uploads\/sites\/11\/2020\/01\/ros.jpg&#8221; height=&#8221;135px&#8221; custom_margin=&#8221;||||false|false&#8221; custom_padding=&#8221;45px||50px||false|false&#8221; custom_padding_last_edited=&#8221;off|desktop&#8221; link_option_url=&#8221;https:\/\/bogigen.dk\/emner\/danske-boeger\/kristne-boeger\/liv-og-tro\/raadgivningsjaelesorg&#8221; header_text_shadow_style=&#8221;preset3&#8243; header_text_shadow_color=&#8221;#000000&#8243;]<\/p>\n<h1 style=\"text-align: center;\"><strong>R\u00e5dgivning\/ sj\u00e6lesorg<\/strong><\/h1>\n<p>[\/et_pb_text][\/et_pb_column][et_pb_column type=&#8221;1_4&#8243; _builder_version=&#8221;4.0.11&#8243;][et_pb_text _builder_version=&#8221;4.4.6&#8243; text_font=&#8221;||||||||&#8221; text_text_color=&#8221;#E09900&#8243; header_font=&#8221;||||||||&#8221; header_text_color=&#8221;#ffffff&#8221; background_image=&#8221;https:\/\/artos.dk\/bogigen\/wp-content\/uploads\/sites\/11\/2020\/01\/bon.jpg&#8221; height=&#8221;135px&#8221; custom_margin=&#8221;||||false|false&#8221; custom_padding=&#8221;50px||50px||false|false&#8221; custom_padding_last_edited=&#8221;off|desktop&#8221; link_option_url=&#8221;https:\/\/bogigen.dk\/emner\/danske-boeger\/kristne-boeger\/liv-og-tro\/boen-og-faste&#8221; header_text_shadow_style=&#8221;preset3&#8243; header_text_shadow_color=&#8221;#000000&#8243;]<\/p>\n<h1 style=\"text-align: center;\"><strong>B\u00f8n og faste<\/strong><\/h1>\n<p>[\/et_pb_text][et_pb_text _builder_version=&#8221;4.4.6&#8243; text_font=&#8221;||||||||&#8221; text_text_color=&#8221;#E09900&#8243; header_font=&#8221;||||||||&#8221; header_text_color=&#8221;#ffffff&#8221; background_image=&#8221;https:\/\/artos.dk\/bogigen\/wp-content\/uploads\/sites\/11\/2020\/01\/hel.jpg&#8221; height=&#8221;135px&#8221; custom_margin=&#8221;||||false|false&#8221; custom_padding=&#8221;50px||50px||false|false&#8221; custom_padding_last_edited=&#8221;off|desktop&#8221; link_option_url=&#8221;https:\/\/bogigen.dk\/emner\/danske-boeger\/kristne-boeger\/liv-og-tro\/helbredelse&#8221; header_text_shadow_style=&#8221;preset3&#8243; header_text_shadow_color=&#8221;#000000&#8243;]<\/p>\n<h1 style=\"text-align: center;\"><strong>Helbredelse<\/strong><\/h1>\n<p>[\/et_pb_text][et_pb_text _builder_version=&#8221;4.4.6&#8243; text_font=&#8221;||||||||&#8221; text_text_color=&#8221;#E09900&#8243; header_font=&#8221;||||||||&#8221; header_text_color=&#8221;#ffffff&#8221; background_image=&#8221;https:\/\/artos.dk\/bogigen\/wp-content\/uploads\/sites\/11\/2020\/01\/mok.jpg&#8221; height=&#8221;135px&#8221; custom_margin=&#8221;||||false|false&#8221; custom_padding=&#8221;50px||50px||false|false&#8221; custom_padding_last_edited=&#8221;off|desktop&#8221; link_option_url=&#8221;https:\/\/bogigen.dk\/emner\/danske-boeger\/kristne-boeger\/liv-og-tro\/kvindermaend&#8221; header_text_shadow_style=&#8221;preset3&#8243; header_text_shadow_color=&#8221;#000000&#8243;]<\/p>\n<h1 style=\"text-align: center;\"><strong>Kvinder\/M\u00e6nd<\/strong><\/h1>\n<p>[\/et_pb_text][et_pb_text _builder_version=&#8221;4.4.6&#8243; text_font=&#8221;||||||||&#8221; text_text_color=&#8221;#ffffff&#8221; header_font=&#8221;||||||||&#8221; header_text_color=&#8221;#ffffff&#8221; background_image=&#8221;https:\/\/artos.dk\/bogigen\/wp-content\/uploads\/sites\/11\/2020\/01\/hands-900&#215;506-1.jpg&#8221; background_layout=&#8221;dark&#8221; height=&#8221;135px&#8221; custom_margin=&#8221;||||false|false&#8221; custom_padding=&#8221;50px||50px||false|false&#8221; custom_padding_last_edited=&#8221;off|desktop&#8221; link_option_url=&#8221;https:\/\/bogigen.dk\/emner\/danske-boeger\/kristne-boeger\/liv-og-tro\/vaekkelse&#8221; header_text_shadow_style=&#8221;preset3&#8243; header_text_shadow_color=&#8221;#000000&#8243;]<\/p>\n<h1 style=\"text-align: center;\"><strong>V\u00e6kkelse<\/strong><\/h1>\n<p>[\/et_pb_text][\/et_pb_column][et_pb_column type=&#8221;1_4&#8243; _builder_version=&#8221;4.0.11&#8243;][et_pb_text _builder_version=&#8221;4.4.6&#8243; text_font=&#8221;||||||||&#8221; text_text_color=&#8221;#e09900&#8243; header_font=&#8221;||||||||&#8221; header_text_color=&#8221;#ffffff&#8221; background_image=&#8221;https:\/\/artos.dk\/bogigen\/wp-content\/uploads\/sites\/11\/2020\/01\/mys.jpg&#8221; height=&#8221;135px&#8221; max_height=&#8221;1000px&#8221; custom_margin=&#8221;||||false|false&#8221; custom_padding=&#8221;45px||50px||false|false&#8221; custom_padding_last_edited=&#8221;off|desktop&#8221; link_option_url=&#8221;https:\/\/bogigen.dk\/emner\/danske-boeger\/kristne-boeger\/liv-og-tro\/den-aandelige-verden&#8221; header_text_shadow_style=&#8221;preset3&#8243; header_text_shadow_color=&#8221;#000000&#8243;]<\/p>\n<h1 style=\"text-align: center;\"><strong>Den \u00e5ndelige verden<\/strong><\/h1>\n<p>[\/et_pb_text][et_pb_text _builder_version=&#8221;4.4.6&#8243; text_font=&#8221;||||||||&#8221; text_text_color=&#8221;#ffffff&#8221; header_font=&#8221;||||||||&#8221; header_text_color=&#8221;#ffffff&#8221; background_image=&#8221;https:\/\/artos.dk\/bogigen\/wp-content\/uploads\/sites\/11\/2020\/01\/han.jpg&#8221; background_layout=&#8221;dark&#8221; height=&#8221;135px&#8221; custom_margin=&#8221;||||false|false&#8221; custom_padding=&#8221;50px||50px||false|false&#8221; custom_padding_last_edited=&#8221;off|desktop&#8221; link_option_url=&#8221;https:\/\/bogigen.dk\/emner\/danske-boeger\/kristne-boeger\/liv-og-tro\/helligaanden&#8221; header_text_shadow_style=&#8221;preset3&#8243; header_text_shadow_color=&#8221;#000000&#8243;]<\/p>\n<h1 style=\"text-align: center;\"><strong>Hellig\u00e5nden<\/strong><\/h1>\n<p>[\/et_pb_text][et_pb_text _builder_version=&#8221;4.4.6&#8243; text_font=&#8221;||||||||&#8221; text_text_color=&#8221;#ffffff&#8221; header_font=&#8221;||||||||&#8221; header_text_color=&#8221;#ffffff&#8221; background_image=&#8221;https:\/\/artos.dk\/bogigen\/wp-content\/uploads\/sites\/11\/2020\/01\/lib.jpg&#8221; background_layout=&#8221;dark&#8221; height=&#8221;135px&#8221; custom_margin=&#8221;||||false|false&#8221; custom_padding=&#8221;50px||50px||false|false&#8221; custom_padding_last_edited=&#8221;off|desktop&#8221; link_option_url=&#8221;https:\/\/bogigen.dk\/emner\/danske-boeger\/kristne-boeger\/liv-og-tro\/livsberetninger-liv-og-tro&#8221; header_text_shadow_style=&#8221;preset3&#8243; header_text_shadow_color=&#8221;#000000&#8243;]<\/p>\n<h1 style=\"text-align: center;\"><strong>Livsberetninger<\/strong><\/h1>\n<p>[\/et_pb_text][et_pb_text _builder_version=&#8221;4.4.6&#8243; text_font=&#8221;||||||||&#8221; text_text_color=&#8221;#e09900&#8243; header_font=&#8221;||||||||&#8221; header_text_color=&#8221;#ffffff&#8221; background_image=&#8221;https:\/\/artos.dk\/bogigen\/wp-content\/uploads\/sites\/11\/2020\/01\/aos.jpg&#8221; height=&#8221;135px&#8221; custom_margin=&#8221;||||false|false&#8221; custom_padding=&#8221;45px||50px||false|false&#8221; custom_padding_last_edited=&#8221;off|desktop&#8221; link_option_url=&#8221;https:\/\/bogigen.dk\/emner\/danske-boeger\/kristne-boeger\/liv-og-tro\/aegteskab-og-seksualitet\/&#8221; header_text_shadow_style=&#8221;preset3&#8243; header_text_shadow_color=&#8221;#000000&#8243;]<\/p>\n<h1 style=\"text-align: center;\"><strong>\u00c6gteskab og seksualitet<\/strong><\/h1>\n<p>[\/et_pb_text][\/et_pb_column][et_pb_column type=&#8221;1_4&#8243; _builder_version=&#8221;4.0.11&#8243;][et_pb_text _builder_version=&#8221;4.4.6&#8243; text_font=&#8221;||||||||&#8221; text_text_color=&#8221;#ffffff&#8221; header_font=&#8221;||||||||&#8221; header_text_color=&#8221;#ffffff&#8221; background_image=&#8221;https:\/\/artos.dk\/bogigen\/wp-content\/uploads\/sites\/11\/2020\/01\/dis.jpg&#8221; background_layout=&#8221;dark&#8221; height=&#8221;135px&#8221; custom_margin=&#8221;||||false|false&#8221; custom_padding=&#8221;50px||50px||false|false&#8221; custom_padding_last_edited=&#8221;off|desktop&#8221; link_option_url=&#8221;https:\/\/bogigen.dk\/emner\/danske-boeger\/kristne-boeger\/liv-og-tro\/discipelskab&#8221; header_text_shadow_style=&#8221;preset3&#8243; header_text_shadow_color=&#8221;#000000&#8243;]<\/p>\n<h1 style=\"text-align: center;\"><strong>Discipelskab<\/strong><\/h1>\n<p>[\/et_pb_text][et_pb_text _builder_version=&#8221;4.4.6&#8243; text_font=&#8221;||||||||&#8221; text_text_color=&#8221;#ffffff&#8221; header_font=&#8221;||||||||&#8221; header_text_color=&#8221;#ffffff&#8221; background_image=&#8221;https:\/\/artos.dk\/bogigen\/wp-content\/uploads\/sites\/11\/2020\/01\/krl.jpg&#8221; background_layout=&#8221;dark&#8221; height=&#8221;135px&#8221; custom_margin=&#8221;||||false|false&#8221; custom_padding=&#8221;50px||50px||false|false&#8221; custom_padding_last_edited=&#8221;off|desktop&#8221; link_option_url=&#8221;https:\/\/bogigen.dk\/emner\/danske-boeger\/kristne-boeger\/liv-og-tro\/kristenlivet&#8221; header_text_shadow_style=&#8221;preset3&#8243; header_text_shadow_color=&#8221;#000000&#8243;]<\/p>\n<h1 style=\"text-align: center;\"><strong>Kristenlivet<\/strong><\/h1>\n<p>[\/et_pb_text][et_pb_text _builder_version=&#8221;4.4.6&#8243; text_font=&#8221;||||||||&#8221; text_text_color=&#8221;#E09900&#8243; header_font=&#8221;||||||||&#8221; header_text_color=&#8221;#ffffff&#8221; background_image=&#8221;https:\/\/artos.dk\/bogigen\/wp-content\/uploads\/sites\/11\/2020\/01\/poo.jpg&#8221; height=&#8221;135px&#8221; custom_margin=&#8221;||||false|false&#8221; custom_padding=&#8221;45px||50px||false|false&#8221; custom_padding_last_edited=&#8221;off|desktop&#8221; link_option_url=&#8221;https:\/\/bogigen.dk\/emner\/danske-boeger\/kristne-boeger\/liv-og-tro\/pengeoekonomi&#8221; header_text_shadow_style=&#8221;preset3&#8243; header_text_shadow_color=&#8221;#000000&#8243;]<\/p>\n<h1 style=\"text-align: center;\"><strong>Penge\/ \u00f8konomi<\/strong><\/h1>\n<p>[\/et_pb_text][et_pb_text disabled_on=&#8221;on|on|on&#8221; _builder_version=&#8221;4.4.6&#8243; text_font=&#8221;||||||||&#8221; text_text_color=&#8221;#E09900&#8243; header_font=&#8221;||||||||&#8221; header_text_color=&#8221;#ffffff&#8221; background_image=&#8221;https:\/\/artos.dk\/bogigen\/wp-content\/uploads\/sites\/11\/2020\/01\/akf.jpg&#8221; height=&#8221;135px&#8221; custom_margin=&#8221;||||false|false&#8221; custom_padding=&#8221;45px||50px||false|false&#8221; custom_padding_last_edited=&#8221;off|desktop&#8221; link_option_url=&#8221;https:\/\/bogigen.dk\/emner\/danske-boeger\/kristne-boeger\/liv-og-tro\/aandelig-krigsfoerelse\/&#8221; header_text_shadow_style=&#8221;preset3&#8243; header_text_shadow_color=&#8221;#000000&#8243; disabled=&#8221;on&#8221;]<\/p>\n<h1 style=\"text-align: center;\"><strong>\u00c5ndelig krigsf\u00f8relse<\/strong><\/h1>\n<p>[\/et_pb_text][\/et_pb_column][\/et_pb_row][\/et_pb_section]<\/p>\n","protected":false},"excerpt":{"rendered":"<p>Andagtsb\u00f8gerEvangelisation og missionKristne personlighederR\u00e5dgivning\/ sj\u00e6lesorgB\u00f8n og fasteHelbredelseKvinder\/M\u00e6ndV\u00e6kkelseDen \u00e5ndelige verdenHellig\u00e5ndenLivsberetninger\u00c6gteskab og seksualitetDiscipelskabKristenlivetPenge\/ \u00f8konomi\u00c5ndelig krigsf\u00f8relse<\/p>\n","protected":false},"author":1,"featured_media":0,"parent":0,"menu_order":0,"comment_status":"closed","ping_status":"closed","template":"","meta":{"_acf_changed":false,"_et_pb_use_builder":"on","_et_pb_old_content":"","_et_gb_content_width":"","footnotes":""},"class_list":["post-14612","page","type-page","status-publish","hentry"],"acf":[],"_links":{"self":[{"href":"https:\/\/gavermedmening.dk\/index.php?rest_route=\/wp\/v2\/pages\/14612","targetHints":{"allow":["GET"]}}],"collection":[{"href":"https:\/\/gavermedmening.dk\/index.php?rest_route=\/wp\/v2\/pages"}],"about":[{"href":"https:\/\/gavermedmening.dk\/index.php?rest_route=\/wp\/v2\/types\/page"}],"author":[{"embeddable":true,"href":"https:\/\/gavermedmening.dk\/index.php?rest_route=\/wp\/v2\/users\/1"}],"replies":[{"embeddable":true,"href":"https:\/\/gavermedmening.dk\/index.php?rest_route=%2Fwp%2Fv2%2Fcomments&post=14612"}],"version-history":[{"count":0,"href":"https:\/\/gavermedmening.dk\/index.php?rest_route=\/wp\/v2\/pages\/14612\/revisions"}],"wp:attachment":[{"href":"https:\/\/gavermedmening.dk\/index.php?rest_route=%2Fwp%2Fv2%2Fmedia&parent=14612"}],"curies":[{"name":"wp","href":"https:\/\/api.w.org\/{rel}","templated":true}]}}