{"id":41529,"date":"2024-06-27T13:12:54","date_gmt":"2024-06-27T13:12:54","guid":{"rendered":"https:\/\/gavermedmening.dk\/vare\/haandmalet-krybbesaet-komplet\/"},"modified":"2024-10-25T15:09:57","modified_gmt":"2024-10-25T15:09:57","slug":"haandmalet-krybbesaet-komplet","status":"publish","type":"product","link":"https:\/\/gavermedmening.dk\/?product=haandmalet-krybbesaet-komplet","title":{"rendered":"H\u00e5ndmalet Krybbes\u00e6t komplet"},"content":{"rendered":"<p><strong>Beskrivelse:<\/strong><\/p>\n<p>Hele Krybbes\u00e6ttet i boks<br \/>Her f\u00e5r du alle de klassiske h\u00e5ndmalede krybbes\u00e6t figurer fra Anne Beate Design sammen med den smukke rustikke stald.<\/p>\n<p>Stald &#8211; krybbes\u00e6t &#8211; 2 hyrdepar med f\u00e5r &#8211; engle &#8211; vise m\u00e6nd<\/p>\n<p>Produceret f\u00f8rste gang i 1967<\/p>\n","protected":false},"excerpt":{"rendered":"<p>Beskrivelse: Hele Krybbes\u00e6ttet i boksHer f\u00e5r du alle de klassiske h\u00e5ndmalede krybbes\u00e6t figurer fra Anne Beate Design sammen med den smukke rustikke stald. Stald &#8211; krybbes\u00e6t &#8211; 2 hyrdepar med f\u00e5r &#8211; engle &#8211; vise m\u00e6nd Produceret f\u00f8rste gang i 1967<\/p>\n","protected":false},"featured_media":0,"comment_status":"closed","ping_status":"closed","template":"","meta":{"_acf_changed":false,"_et_pb_use_builder":"","_et_pb_old_content":"","_et_gb_content_width":""},"product_brand":[],"product_cat":[6235,6227],"product_tag":[6236],"class_list":{"0":"post-41529","1":"product","2":"type-product","3":"status-publish","5":"product_cat-anne-beate-design","6":"product_cat-julekrybber-og-figurer","7":"product_tag-anne-beate-design","9":"first","10":"instock","11":"taxable","12":"shipping-taxable","13":"purchasable","14":"product-type-simple"},"acf":[],"_links":{"self":[{"href":"https:\/\/gavermedmening.dk\/index.php?rest_route=\/wp\/v2\/product\/41529","targetHints":{"allow":["GET"]}}],"collection":[{"href":"https:\/\/gavermedmening.dk\/index.php?rest_route=\/wp\/v2\/product"}],"about":[{"href":"https:\/\/gavermedmening.dk\/index.php?rest_route=\/wp\/v2\/types\/product"}],"replies":[{"embeddable":true,"href":"https:\/\/gavermedmening.dk\/index.php?rest_route=%2Fwp%2Fv2%2Fcomments&post=41529"}],"wp:attachment":[{"href":"https:\/\/gavermedmening.dk\/index.php?rest_route=%2Fwp%2Fv2%2Fmedia&parent=41529"}],"wp:term":[{"taxonomy":"product_brand","embeddable":true,"href":"https:\/\/gavermedmening.dk\/index.php?rest_route=%2Fwp%2Fv2%2Fproduct_brand&post=41529"},{"taxonomy":"product_cat","embeddable":true,"href":"https:\/\/gavermedmening.dk\/index.php?rest_route=%2Fwp%2Fv2%2Fproduct_cat&post=41529"},{"taxonomy":"product_tag","embeddable":true,"href":"https:\/\/gavermedmening.dk\/index.php?rest_route=%2Fwp%2Fv2%2Fproduct_tag&post=41529"}],"curies":[{"name":"wp","href":"https:\/\/api.w.org\/{rel}","templated":true}]}}