{"id":41861,"date":"2024-06-26T22:00:47","date_gmt":"2024-06-26T22:00:47","guid":{"rendered":"https:\/\/gavermedmening.dk\/vare\/af-alle-naetter\/"},"modified":"2024-10-25T16:20:03","modified_gmt":"2024-10-25T16:20:03","slug":"af-alle-naetter","status":"publish","type":"product","link":"https:\/\/gavermedmening.dk\/?product=af-alle-naetter","title":{"rendered":"Af alle n\u00e6tter"},"content":{"rendered":"<p><strong>Forlagets omtale:<\/strong><\/p>\n<p>Da hyrdedrengen Boaz mister sine for\u00e6ldre, m\u00e5 han flygte fra sin voldelige og utilregnelige onkel. Under flugten m\u00f8der han den j\u00e6vnaldrende Jacob, og sammen finder de et fristed i byen Nazaret, hvor de f\u00e5r arbejde hos en mand, hvis datter hedder Maria. Hun er forlovet med t\u00f8mreren Josef.<\/p>\n<p>Indirekte f\u00e5r Boaz afg\u00f8rende betydning for det unge pars sikkerhed, ikke mindst da de p\u00e5 grund af kejserens folket\u00e6lling er n\u00f8dt til at rejse til Betlehem. Undervejs er det ved at g\u00e5 helt galt, men Gud har tilsyneladende en finger med i spillet, for uheldet bliver anledning til, at Boaz m\u00f8der pigen Ester. Og ad snirklede veje spinder deres lille historie sig ind i Guds store historie med verden &#8211; en historie, som n\u00e5ede et forel\u00f8bigt h\u00f8jdepunkt en vinternat i Betlehem.<\/p>\n","protected":false},"excerpt":{"rendered":"<p>Forlagets omtale: Da hyrdedrengen Boaz mister sine for\u00e6ldre, m\u00e5 han flygte fra sin voldelige og utilregnelige onkel. Under flugten m\u00f8der han den j\u00e6vnaldrende Jacob, og sammen finder de et fristed i byen Nazaret, hvor de f\u00e5r arbejde hos en mand, hvis datter hedder Maria. Hun er forlovet med t\u00f8mreren Josef. Indirekte f\u00e5r Boaz afg\u00f8rende betydning [&hellip;]<\/p>\n","protected":false},"featured_media":0,"comment_status":"closed","ping_status":"closed","template":"","meta":{"_acf_changed":false,"_et_pb_use_builder":"","_et_pb_old_content":"","_et_gb_content_width":""},"product_brand":[],"product_cat":[6244,6266],"product_tag":[6271],"class_list":{"0":"post-41861","1":"product","2":"type-product","3":"status-publish","5":"product_cat-jul-diverse","6":"product_cat-lohses-forlag","7":"product_tag-hans-joern-oesterby","9":"first","10":"instock","11":"taxable","12":"shipping-taxable","13":"purchasable","14":"product-type-simple"},"acf":[],"_links":{"self":[{"href":"https:\/\/gavermedmening.dk\/index.php?rest_route=\/wp\/v2\/product\/41861","targetHints":{"allow":["GET"]}}],"collection":[{"href":"https:\/\/gavermedmening.dk\/index.php?rest_route=\/wp\/v2\/product"}],"about":[{"href":"https:\/\/gavermedmening.dk\/index.php?rest_route=\/wp\/v2\/types\/product"}],"replies":[{"embeddable":true,"href":"https:\/\/gavermedmening.dk\/index.php?rest_route=%2Fwp%2Fv2%2Fcomments&post=41861"}],"wp:attachment":[{"href":"https:\/\/gavermedmening.dk\/index.php?rest_route=%2Fwp%2Fv2%2Fmedia&parent=41861"}],"wp:term":[{"taxonomy":"product_brand","embeddable":true,"href":"https:\/\/gavermedmening.dk\/index.php?rest_route=%2Fwp%2Fv2%2Fproduct_brand&post=41861"},{"taxonomy":"product_cat","embeddable":true,"href":"https:\/\/gavermedmening.dk\/index.php?rest_route=%2Fwp%2Fv2%2Fproduct_cat&post=41861"},{"taxonomy":"product_tag","embeddable":true,"href":"https:\/\/gavermedmening.dk\/index.php?rest_route=%2Fwp%2Fv2%2Fproduct_tag&post=41861"}],"curies":[{"name":"wp","href":"https:\/\/api.w.org\/{rel}","templated":true}]}}