{"id":41958,"date":"2024-06-18T15:20:49","date_gmt":"2024-06-18T15:20:49","guid":{"rendered":"https:\/\/gavermedmening.dk\/vare\/noeglering-engel\/"},"modified":"2024-12-13T10:15:52","modified_gmt":"2024-12-13T10:15:52","slug":"noeglering-engel","status":"publish","type":"product","link":"https:\/\/gavermedmening.dk\/?product=noeglering-engel","title":{"rendered":"N\u00f8glering &#8220;Engel&#8221;"},"content":{"rendered":"<p><strong>Forlagets omtale:\u00a0<\/strong><br \/>Engel i diverse transparente farver. H\u00e5rd plast &#8211; 4,2 cm<\/p>\n<p>F\u00e5s i forskellige farver- Bl\u00e5- Gr\u00f8n- R\u00f8d &#8211; Gul<\/p>\n<p>Skriv i kommentarfeltet, hvis du \u00f8nsker bestemte farver. <\/p>\n","protected":false},"excerpt":{"rendered":"<p>Forlagets omtale:\u00a0Engel i diverse transparente farver. H\u00e5rd plast &#8211; 4,2 cm F\u00e5s i forskellige farver- Bl\u00e5- Gr\u00f8n- R\u00f8d &#8211; Gul Skriv i kommentarfeltet, hvis du \u00f8nsker bestemte farver.<\/p>\n","protected":false},"featured_media":41959,"comment_status":"closed","ping_status":"closed","template":"","meta":{"_acf_changed":false,"_et_pb_use_builder":"","_et_pb_old_content":"","_et_gb_content_width":""},"product_brand":[],"product_cat":[6344,6266,6280,6264],"product_tag":[],"class_list":{"0":"post-41958","1":"product","2":"type-product","3":"status-publish","4":"has-post-thumbnail","6":"product_cat-jul-diverse-2","7":"product_cat-lohses-forlag","8":"product_cat-noegleringe","9":"product_cat-praemieting","11":"first","12":"instock","13":"taxable","14":"shipping-taxable","15":"purchasable","16":"product-type-simple"},"acf":[],"_links":{"self":[{"href":"https:\/\/gavermedmening.dk\/index.php?rest_route=\/wp\/v2\/product\/41958","targetHints":{"allow":["GET"]}}],"collection":[{"href":"https:\/\/gavermedmening.dk\/index.php?rest_route=\/wp\/v2\/product"}],"about":[{"href":"https:\/\/gavermedmening.dk\/index.php?rest_route=\/wp\/v2\/types\/product"}],"replies":[{"embeddable":true,"href":"https:\/\/gavermedmening.dk\/index.php?rest_route=%2Fwp%2Fv2%2Fcomments&post=41958"}],"wp:featuredmedia":[{"embeddable":true,"href":"https:\/\/gavermedmening.dk\/index.php?rest_route=\/wp\/v2\/media\/41959"}],"wp:attachment":[{"href":"https:\/\/gavermedmening.dk\/index.php?rest_route=%2Fwp%2Fv2%2Fmedia&parent=41958"}],"wp:term":[{"taxonomy":"product_brand","embeddable":true,"href":"https:\/\/gavermedmening.dk\/index.php?rest_route=%2Fwp%2Fv2%2Fproduct_brand&post=41958"},{"taxonomy":"product_cat","embeddable":true,"href":"https:\/\/gavermedmening.dk\/index.php?rest_route=%2Fwp%2Fv2%2Fproduct_cat&post=41958"},{"taxonomy":"product_tag","embeddable":true,"href":"https:\/\/gavermedmening.dk\/index.php?rest_route=%2Fwp%2Fv2%2Fproduct_tag&post=41958"}],"curies":[{"name":"wp","href":"https:\/\/api.w.org\/{rel}","templated":true}]}}