{"id":42126,"date":"2024-06-27T11:56:43","date_gmt":"2024-06-27T11:56:43","guid":{"rendered":"https:\/\/gavermedmening.dk\/vare\/messinghaengepynt-stjerne\/"},"modified":"2024-10-25T17:43:48","modified_gmt":"2024-10-25T17:43:48","slug":"messinghaengepynt-stjerne","status":"publish","type":"product","link":"https:\/\/gavermedmening.dk\/?product=messinghaengepynt-stjerne","title":{"rendered":"Messingh\u00e6ngepynt &#8211; stjerne"},"content":{"rendered":"<p><strong>Beskrivelse:<\/strong><\/p>\n<p>Skinnende, filigran-ornamentstjerne i messing.<\/p>\n<p>Flotte, forgyldte smykker til adventskransen og til at h\u00e6nge op.<\/p>\n<p>Pakket p\u00e5 et kort.<\/p>\n<p>Materiale: forgyldt messing<br \/>St\u00f8rrelse: ca 6 x 6 cm<br \/>H\u00e5ndlavet metalkunst<\/p>\n","protected":false},"excerpt":{"rendered":"<p>Beskrivelse: Skinnende, filigran-ornamentstjerne i messing. Flotte, forgyldte smykker til adventskransen og til at h\u00e6nge op. Pakket p\u00e5 et kort. Materiale: forgyldt messingSt\u00f8rrelse: ca 6 x 6 cmH\u00e5ndlavet metalkunst<\/p>\n","protected":false},"featured_media":0,"comment_status":"closed","ping_status":"closed","template":"","meta":{"_acf_changed":false,"_et_pb_use_builder":"","_et_pb_old_content":"","_et_gb_content_width":""},"product_brand":[],"product_cat":[6243,6229],"product_tag":[],"class_list":{"0":"post-42126","1":"product","2":"type-product","3":"status-publish","5":"product_cat-haengepynt","6":"product_cat-praisent","8":"first","9":"instock","10":"taxable","11":"shipping-taxable","12":"purchasable","13":"product-type-simple"},"acf":[],"_links":{"self":[{"href":"https:\/\/gavermedmening.dk\/index.php?rest_route=\/wp\/v2\/product\/42126","targetHints":{"allow":["GET"]}}],"collection":[{"href":"https:\/\/gavermedmening.dk\/index.php?rest_route=\/wp\/v2\/product"}],"about":[{"href":"https:\/\/gavermedmening.dk\/index.php?rest_route=\/wp\/v2\/types\/product"}],"replies":[{"embeddable":true,"href":"https:\/\/gavermedmening.dk\/index.php?rest_route=%2Fwp%2Fv2%2Fcomments&post=42126"}],"wp:attachment":[{"href":"https:\/\/gavermedmening.dk\/index.php?rest_route=%2Fwp%2Fv2%2Fmedia&parent=42126"}],"wp:term":[{"taxonomy":"product_brand","embeddable":true,"href":"https:\/\/gavermedmening.dk\/index.php?rest_route=%2Fwp%2Fv2%2Fproduct_brand&post=42126"},{"taxonomy":"product_cat","embeddable":true,"href":"https:\/\/gavermedmening.dk\/index.php?rest_route=%2Fwp%2Fv2%2Fproduct_cat&post=42126"},{"taxonomy":"product_tag","embeddable":true,"href":"https:\/\/gavermedmening.dk\/index.php?rest_route=%2Fwp%2Fv2%2Fproduct_tag&post=42126"}],"curies":[{"name":"wp","href":"https:\/\/api.w.org\/{rel}","templated":true}]}}