{"id":42131,"date":"2024-06-27T11:54:55","date_gmt":"2024-06-27T11:54:55","guid":{"rendered":"https:\/\/gavermedmening.dk\/vare\/tre-krystalengle-med-instrumenter\/"},"modified":"2024-10-25T17:43:59","modified_gmt":"2024-10-25T17:43:59","slug":"tre-krystalengle-med-instrumenter","status":"publish","type":"product","link":"https:\/\/gavermedmening.dk\/?product=tre-krystalengle-med-instrumenter","title":{"rendered":"Tre krystalengle med instrumenter"},"content":{"rendered":"<p><strong>Beskrivelse:<\/strong><\/p>\n<p>Glasengle, krystal &#8211; 5 cm h\u00f8je<br \/>Kan st\u00e5 eller h\u00e6nge<br \/>S\u00e6lges i 3-pak<\/p>\n<p>\u00a0<\/p>\n","protected":false},"excerpt":{"rendered":"<p>Beskrivelse: Glasengle, krystal &#8211; 5 cm h\u00f8jeKan st\u00e5 eller h\u00e6ngeS\u00e6lges i 3-pak \u00a0<\/p>\n","protected":false},"featured_media":0,"comment_status":"closed","ping_status":"closed","template":"","meta":{"_acf_changed":false,"_et_pb_use_builder":"","_et_pb_old_content":"","_et_gb_content_width":""},"product_brand":[],"product_cat":[6232,6243],"product_tag":[],"class_list":{"0":"post-42131","1":"product","2":"type-product","3":"status-publish","5":"product_cat-borneling","6":"product_cat-haengepynt","8":"first","9":"instock","10":"taxable","11":"shipping-taxable","12":"purchasable","13":"product-type-simple"},"acf":[],"_links":{"self":[{"href":"https:\/\/gavermedmening.dk\/index.php?rest_route=\/wp\/v2\/product\/42131","targetHints":{"allow":["GET"]}}],"collection":[{"href":"https:\/\/gavermedmening.dk\/index.php?rest_route=\/wp\/v2\/product"}],"about":[{"href":"https:\/\/gavermedmening.dk\/index.php?rest_route=\/wp\/v2\/types\/product"}],"replies":[{"embeddable":true,"href":"https:\/\/gavermedmening.dk\/index.php?rest_route=%2Fwp%2Fv2%2Fcomments&post=42131"}],"wp:attachment":[{"href":"https:\/\/gavermedmening.dk\/index.php?rest_route=%2Fwp%2Fv2%2Fmedia&parent=42131"}],"wp:term":[{"taxonomy":"product_brand","embeddable":true,"href":"https:\/\/gavermedmening.dk\/index.php?rest_route=%2Fwp%2Fv2%2Fproduct_brand&post=42131"},{"taxonomy":"product_cat","embeddable":true,"href":"https:\/\/gavermedmening.dk\/index.php?rest_route=%2Fwp%2Fv2%2Fproduct_cat&post=42131"},{"taxonomy":"product_tag","embeddable":true,"href":"https:\/\/gavermedmening.dk\/index.php?rest_route=%2Fwp%2Fv2%2Fproduct_tag&post=42131"}],"curies":[{"name":"wp","href":"https:\/\/api.w.org\/{rel}","templated":true}]}}