{"id":43947,"date":"2024-06-24T21:38:46","date_gmt":"2024-06-24T21:38:46","guid":{"rendered":"https:\/\/gavermedmening.dk\/vare\/halskaede-tro-haab-og-kaerlighed-sterlingsoelv\/"},"modified":"2024-10-27T18:22:50","modified_gmt":"2024-10-27T18:22:50","slug":"halskaede-tro-haab-og-kaerlighed-sterlingsoelv","status":"publish","type":"product","link":"https:\/\/gavermedmening.dk\/?product=halskaede-tro-haab-og-kaerlighed-sterlingsoelv","title":{"rendered":"Halsk\u00e6de &#8211; Tro, H\u00e5b og K\u00e6rlighed &#8211; sterlings\u00f8lv"},"content":{"rendered":"<p><strong>Beskrivelse:<\/strong><\/p>\n<p>Blank halsk\u00e6de\/halsk\u00e6de med symbolerne for tro, k\u00e6rlighed, h\u00e5b integreret i midten af ??halsk\u00e6den.<\/p>\n<p>En smuk gave i h\u00f8j kvalitet, fx til konfirmation.<\/p>\n<p>L\u00e6ngde halsk\u00e6de ca 42 cm.<\/p>\n<p>Materiale: 925 sterling s\u00f8lv<\/p>\n<p>I smykkeskrin<\/p>\n","protected":false},"excerpt":{"rendered":"<p>Beskrivelse: Blank halsk\u00e6de\/halsk\u00e6de med symbolerne for tro, k\u00e6rlighed, h\u00e5b integreret i midten af ??halsk\u00e6den. En smuk gave i h\u00f8j kvalitet, fx til konfirmation. L\u00e6ngde halsk\u00e6de ca 42 cm. Materiale: 925 sterling s\u00f8lv I smykkeskrin<\/p>\n","protected":false},"featured_media":43948,"comment_status":"closed","ping_status":"closed","template":"","meta":{"_acf_changed":false,"_et_pb_use_builder":"","_et_pb_old_content":"","_et_gb_content_width":""},"product_brand":[],"product_cat":[6295,6229],"product_tag":[],"class_list":{"0":"post-43947","1":"product","2":"type-product","3":"status-publish","4":"has-post-thumbnail","6":"product_cat-halskaeder","7":"product_cat-praisent","9":"first","10":"instock","11":"taxable","12":"shipping-taxable","13":"purchasable","14":"product-type-simple"},"acf":[],"_links":{"self":[{"href":"https:\/\/gavermedmening.dk\/index.php?rest_route=\/wp\/v2\/product\/43947","targetHints":{"allow":["GET"]}}],"collection":[{"href":"https:\/\/gavermedmening.dk\/index.php?rest_route=\/wp\/v2\/product"}],"about":[{"href":"https:\/\/gavermedmening.dk\/index.php?rest_route=\/wp\/v2\/types\/product"}],"replies":[{"embeddable":true,"href":"https:\/\/gavermedmening.dk\/index.php?rest_route=%2Fwp%2Fv2%2Fcomments&post=43947"}],"wp:featuredmedia":[{"embeddable":true,"href":"https:\/\/gavermedmening.dk\/index.php?rest_route=\/wp\/v2\/media\/43948"}],"wp:attachment":[{"href":"https:\/\/gavermedmening.dk\/index.php?rest_route=%2Fwp%2Fv2%2Fmedia&parent=43947"}],"wp:term":[{"taxonomy":"product_brand","embeddable":true,"href":"https:\/\/gavermedmening.dk\/index.php?rest_route=%2Fwp%2Fv2%2Fproduct_brand&post=43947"},{"taxonomy":"product_cat","embeddable":true,"href":"https:\/\/gavermedmening.dk\/index.php?rest_route=%2Fwp%2Fv2%2Fproduct_cat&post=43947"},{"taxonomy":"product_tag","embeddable":true,"href":"https:\/\/gavermedmening.dk\/index.php?rest_route=%2Fwp%2Fv2%2Fproduct_tag&post=43947"}],"curies":[{"name":"wp","href":"https:\/\/api.w.org\/{rel}","templated":true}]}}