{"id":43951,"date":"2024-06-24T21:38:29","date_gmt":"2024-06-24T21:38:29","guid":{"rendered":"https:\/\/gavermedmening.dk\/vare\/kors-vedhaeng-med-stribedesign-sterlingsoelv-1x2-cm\/"},"modified":"2024-10-27T18:22:56","modified_gmt":"2024-10-27T18:22:56","slug":"kors-vedhaeng-med-stribedesign-sterlingsoelv-1x2-cm","status":"publish","type":"product","link":"https:\/\/gavermedmening.dk\/?product=kors-vedhaeng-med-stribedesign-sterlingsoelv-1x2-cm","title":{"rendered":"Kors vedh\u00e6ng med stribedesign &#8211; sterlings\u00f8lv &#8211; 1&#215;2 cm"},"content":{"rendered":"<p><strong>Beskrivelse:<\/strong><\/p>\n<p>Elegant korsvedh\u00e6ng i stribet design.<\/p>\n<p>Buet overflade, delvist blank og matpoleret.<\/p>\n<p>En v\u00e6rdifuld gave til mange lejligheder.<\/p>\n<p>Materiale: 925 sterling s\u00f8lv<br \/>St\u00f8rrelse: 1&#215;2 cm<br \/>Pakket i smykkeskrin<\/p>\n","protected":false},"excerpt":{"rendered":"<p>Beskrivelse: Elegant korsvedh\u00e6ng i stribet design. Buet overflade, delvist blank og matpoleret. En v\u00e6rdifuld gave til mange lejligheder. Materiale: 925 sterling s\u00f8lvSt\u00f8rrelse: 1&#215;2 cmPakket i smykkeskrin<\/p>\n","protected":false},"featured_media":43952,"comment_status":"closed","ping_status":"closed","template":"","meta":{"_acf_changed":false,"_et_pb_use_builder":"","_et_pb_old_content":"","_et_gb_content_width":""},"product_brand":[],"product_cat":[6295,6229],"product_tag":[],"class_list":{"0":"post-43951","1":"product","2":"type-product","3":"status-publish","4":"has-post-thumbnail","6":"product_cat-halskaeder","7":"product_cat-praisent","9":"first","10":"instock","11":"taxable","12":"shipping-taxable","13":"purchasable","14":"product-type-simple"},"acf":[],"_links":{"self":[{"href":"https:\/\/gavermedmening.dk\/index.php?rest_route=\/wp\/v2\/product\/43951","targetHints":{"allow":["GET"]}}],"collection":[{"href":"https:\/\/gavermedmening.dk\/index.php?rest_route=\/wp\/v2\/product"}],"about":[{"href":"https:\/\/gavermedmening.dk\/index.php?rest_route=\/wp\/v2\/types\/product"}],"replies":[{"embeddable":true,"href":"https:\/\/gavermedmening.dk\/index.php?rest_route=%2Fwp%2Fv2%2Fcomments&post=43951"}],"wp:featuredmedia":[{"embeddable":true,"href":"https:\/\/gavermedmening.dk\/index.php?rest_route=\/wp\/v2\/media\/43952"}],"wp:attachment":[{"href":"https:\/\/gavermedmening.dk\/index.php?rest_route=%2Fwp%2Fv2%2Fmedia&parent=43951"}],"wp:term":[{"taxonomy":"product_brand","embeddable":true,"href":"https:\/\/gavermedmening.dk\/index.php?rest_route=%2Fwp%2Fv2%2Fproduct_brand&post=43951"},{"taxonomy":"product_cat","embeddable":true,"href":"https:\/\/gavermedmening.dk\/index.php?rest_route=%2Fwp%2Fv2%2Fproduct_cat&post=43951"},{"taxonomy":"product_tag","embeddable":true,"href":"https:\/\/gavermedmening.dk\/index.php?rest_route=%2Fwp%2Fv2%2Fproduct_tag&post=43951"}],"curies":[{"name":"wp","href":"https:\/\/api.w.org\/{rel}","templated":true}]}}