{"id":44060,"date":"2024-06-24T11:50:59","date_gmt":"2024-06-24T10:50:59","guid":{"rendered":"https:\/\/gavermedmening.dk\/vare\/sendebud-halskaede-soelv\/"},"modified":"2024-10-27T19:26:52","modified_gmt":"2024-10-27T19:26:52","slug":"sendebud-halskaede-soelv","status":"publish","type":"product","link":"https:\/\/gavermedmening.dk\/?product=sendebud-halskaede-soelv","title":{"rendered":"Sendebud &#8211; halsk\u00e6de &#8211; s\u00f8lv"},"content":{"rendered":"<p><strong>Beskrivelse:<\/strong><\/p>\n<p>Engle er kendt for mange ting, nogle engle passer p\u00e5 os og andre kommer med vigtige beskeder.\u00a0Dette smykke\u00a0viser en engel p\u00e5 farten og har derfor f\u00e5et titlen &#8220;Sendebud&#8221;.\u00a0Halsk\u00e6den har en rund form, med en engel p\u00e5 skr\u00e5.\u00a0Englen er designet af Gabriel Gabay, der ogs\u00e5 har designet engle hals\u00e6den &#8220;Skytsengel&#8221;<\/p>\n<p>Materialer: Sterlings\u00f8lv (925) belagt med rhodium<\/p>\n<p>M\u00e5l: Vedh\u00e6nget m\u00e5ler 1,2 cm i dia.\u00a0&#8211; K\u00e6den er 42\u00a0cm (+5\u00a0cm extension, der giver mulighed for at justere l\u00e6ngden)<\/p>\n","protected":false},"excerpt":{"rendered":"<p>Beskrivelse: Engle er kendt for mange ting, nogle engle passer p\u00e5 os og andre kommer med vigtige beskeder.\u00a0Dette smykke\u00a0viser en engel p\u00e5 farten og har derfor f\u00e5et titlen &#8220;Sendebud&#8221;.\u00a0Halsk\u00e6den har en rund form, med en engel p\u00e5 skr\u00e5.\u00a0Englen er designet af Gabriel Gabay, der ogs\u00e5 har designet engle hals\u00e6den &#8220;Skytsengel&#8221; Materialer: Sterlings\u00f8lv (925) belagt med [&hellip;]<\/p>\n","protected":false},"featured_media":0,"comment_status":"closed","ping_status":"closed","template":"","meta":{"_acf_changed":false,"_et_pb_use_builder":"","_et_pb_old_content":"","_et_gb_content_width":""},"product_brand":[],"product_cat":[6304,6295],"product_tag":[6305],"class_list":{"0":"post-44060","1":"product","2":"type-product","3":"status-publish","5":"product_cat-by-gabay","6":"product_cat-halskaeder","7":"product_tag-by-gabay","9":"first","10":"instock","11":"taxable","12":"shipping-taxable","13":"purchasable","14":"product-type-simple"},"acf":[],"_links":{"self":[{"href":"https:\/\/gavermedmening.dk\/index.php?rest_route=\/wp\/v2\/product\/44060","targetHints":{"allow":["GET"]}}],"collection":[{"href":"https:\/\/gavermedmening.dk\/index.php?rest_route=\/wp\/v2\/product"}],"about":[{"href":"https:\/\/gavermedmening.dk\/index.php?rest_route=\/wp\/v2\/types\/product"}],"replies":[{"embeddable":true,"href":"https:\/\/gavermedmening.dk\/index.php?rest_route=%2Fwp%2Fv2%2Fcomments&post=44060"}],"wp:attachment":[{"href":"https:\/\/gavermedmening.dk\/index.php?rest_route=%2Fwp%2Fv2%2Fmedia&parent=44060"}],"wp:term":[{"taxonomy":"product_brand","embeddable":true,"href":"https:\/\/gavermedmening.dk\/index.php?rest_route=%2Fwp%2Fv2%2Fproduct_brand&post=44060"},{"taxonomy":"product_cat","embeddable":true,"href":"https:\/\/gavermedmening.dk\/index.php?rest_route=%2Fwp%2Fv2%2Fproduct_cat&post=44060"},{"taxonomy":"product_tag","embeddable":true,"href":"https:\/\/gavermedmening.dk\/index.php?rest_route=%2Fwp%2Fv2%2Fproduct_tag&post=44060"}],"curies":[{"name":"wp","href":"https:\/\/api.w.org\/{rel}","templated":true}]}}