{"id":44068,"date":"2024-06-24T11:47:53","date_gmt":"2024-06-24T10:47:53","guid":{"rendered":"https:\/\/gavermedmening.dk\/vare\/kors-medaljon-halskaede-soelv\/"},"modified":"2024-10-27T19:36:36","modified_gmt":"2024-10-27T19:36:36","slug":"kors-medaljon-halskaede-soelv","status":"publish","type":"product","link":"https:\/\/gavermedmening.dk\/?product=kors-medaljon-halskaede-soelv","title":{"rendered":"Kors medaljon &#8211; halsk\u00e6de &#8211; s\u00f8lv"},"content":{"rendered":"<p><strong>Beskrivelse:<\/strong><\/p>\n<p>Lille smuk rund medaljon, med et indfattet kors i klare facetslebne zirkoner. Medaljonen har en fin satin overflade der giver et eksklusivt look. K\u00e6den har en 5 cm extension k\u00e6de, s\u00e5 du kan justere l\u00e6ngden som du \u00f8nsker den.<\/p>\n<p>Materialer: Sterlings\u00f8lv (925)<\/p>\n<p>M\u00e5l: Vedh\u00e6nget m\u00e5ler 12 mm i dia. &#8211; K\u00e6den er\u00a040 cm (+5 cm extension)<\/p>\n","protected":false},"excerpt":{"rendered":"<p>Beskrivelse: Lille smuk rund medaljon, med et indfattet kors i klare facetslebne zirkoner. Medaljonen har en fin satin overflade der giver et eksklusivt look. K\u00e6den har en 5 cm extension k\u00e6de, s\u00e5 du kan justere l\u00e6ngden som du \u00f8nsker den. Materialer: Sterlings\u00f8lv (925) M\u00e5l: Vedh\u00e6nget m\u00e5ler 12 mm i dia. &#8211; K\u00e6den er\u00a040 cm (+5 [&hellip;]<\/p>\n","protected":false},"featured_media":0,"comment_status":"closed","ping_status":"closed","template":"","meta":{"_acf_changed":false,"_et_pb_use_builder":"","_et_pb_old_content":"","_et_gb_content_width":""},"product_brand":[],"product_cat":[6304,6295],"product_tag":[6305],"class_list":{"0":"post-44068","1":"product","2":"type-product","3":"status-publish","5":"product_cat-by-gabay","6":"product_cat-halskaeder","7":"product_tag-by-gabay","9":"first","10":"instock","11":"taxable","12":"shipping-taxable","13":"purchasable","14":"product-type-simple"},"acf":[],"_links":{"self":[{"href":"https:\/\/gavermedmening.dk\/index.php?rest_route=\/wp\/v2\/product\/44068","targetHints":{"allow":["GET"]}}],"collection":[{"href":"https:\/\/gavermedmening.dk\/index.php?rest_route=\/wp\/v2\/product"}],"about":[{"href":"https:\/\/gavermedmening.dk\/index.php?rest_route=\/wp\/v2\/types\/product"}],"replies":[{"embeddable":true,"href":"https:\/\/gavermedmening.dk\/index.php?rest_route=%2Fwp%2Fv2%2Fcomments&post=44068"}],"wp:attachment":[{"href":"https:\/\/gavermedmening.dk\/index.php?rest_route=%2Fwp%2Fv2%2Fmedia&parent=44068"}],"wp:term":[{"taxonomy":"product_brand","embeddable":true,"href":"https:\/\/gavermedmening.dk\/index.php?rest_route=%2Fwp%2Fv2%2Fproduct_brand&post=44068"},{"taxonomy":"product_cat","embeddable":true,"href":"https:\/\/gavermedmening.dk\/index.php?rest_route=%2Fwp%2Fv2%2Fproduct_cat&post=44068"},{"taxonomy":"product_tag","embeddable":true,"href":"https:\/\/gavermedmening.dk\/index.php?rest_route=%2Fwp%2Fv2%2Fproduct_tag&post=44068"}],"curies":[{"name":"wp","href":"https:\/\/api.w.org\/{rel}","templated":true}]}}