{"id":45209,"date":"2024-06-23T13:45:52","date_gmt":"2024-06-23T13:45:52","guid":{"rendered":"https:\/\/gavermedmening.dk\/vare\/hjertevedhaeng-i-soelv-rav-forsoelvet-kaede-i-aeske\/"},"modified":"2024-10-28T19:40:22","modified_gmt":"2024-10-28T19:40:22","slug":"hjertevedhaeng-i-soelv-rav-forsoelvet-kaede-i-aeske","status":"publish","type":"product","link":"https:\/\/gavermedmening.dk\/?product=hjertevedhaeng-i-soelv-rav-forsoelvet-kaede-i-aeske","title":{"rendered":"Hjertevedh\u00e6ng i s\u00f8lv\/rav, fors\u00f8lvet k\u00e6de (i \u00e6ske)"},"content":{"rendered":"<p><span style=\"color: #FFFFFF;\"><\/span><\/p>\n","protected":false},"excerpt":{"rendered":"","protected":false},"featured_media":45210,"comment_status":"closed","ping_status":"closed","template":"","meta":{"_acf_changed":false,"_et_pb_use_builder":"","_et_pb_old_content":"","_et_gb_content_width":""},"product_brand":[],"product_cat":[6295,6239],"product_tag":[],"class_list":{"0":"post-45209","1":"product","2":"type-product","3":"status-publish","4":"has-post-thumbnail","6":"product_cat-halskaeder","7":"product_cat-kertegaarden","9":"first","10":"instock","11":"taxable","12":"shipping-taxable","13":"purchasable","14":"product-type-simple"},"acf":[],"_links":{"self":[{"href":"https:\/\/gavermedmening.dk\/index.php?rest_route=\/wp\/v2\/product\/45209","targetHints":{"allow":["GET"]}}],"collection":[{"href":"https:\/\/gavermedmening.dk\/index.php?rest_route=\/wp\/v2\/product"}],"about":[{"href":"https:\/\/gavermedmening.dk\/index.php?rest_route=\/wp\/v2\/types\/product"}],"replies":[{"embeddable":true,"href":"https:\/\/gavermedmening.dk\/index.php?rest_route=%2Fwp%2Fv2%2Fcomments&post=45209"}],"wp:featuredmedia":[{"embeddable":true,"href":"https:\/\/gavermedmening.dk\/index.php?rest_route=\/wp\/v2\/media\/45210"}],"wp:attachment":[{"href":"https:\/\/gavermedmening.dk\/index.php?rest_route=%2Fwp%2Fv2%2Fmedia&parent=45209"}],"wp:term":[{"taxonomy":"product_brand","embeddable":true,"href":"https:\/\/gavermedmening.dk\/index.php?rest_route=%2Fwp%2Fv2%2Fproduct_brand&post=45209"},{"taxonomy":"product_cat","embeddable":true,"href":"https:\/\/gavermedmening.dk\/index.php?rest_route=%2Fwp%2Fv2%2Fproduct_cat&post=45209"},{"taxonomy":"product_tag","embeddable":true,"href":"https:\/\/gavermedmening.dk\/index.php?rest_route=%2Fwp%2Fv2%2Fproduct_tag&post=45209"}],"curies":[{"name":"wp","href":"https:\/\/api.w.org\/{rel}","templated":true}]}}