{"id":45754,"date":"2024-06-25T08:53:25","date_gmt":"2024-06-25T07:53:25","guid":{"rendered":"https:\/\/gavermedmening.dk\/vare\/hjertearmbaand-sort-rhodineret-soelv-7-mm\/"},"modified":"2024-10-28T21:16:56","modified_gmt":"2024-10-28T21:16:56","slug":"hjertearmbaand-sort-rhodineret-soelv-7-mm","status":"publish","type":"product","link":"https:\/\/gavermedmening.dk\/?product=hjertearmbaand-sort-rhodineret-soelv-7-mm","title":{"rendered":"Hjertearmb\u00e5nd &#8211; sort-rhodineret s\u00f8lv &#8211; 7 mm"},"content":{"rendered":"<p><strong>Beskrivelse:<\/strong><\/p>\n<p>Yndigt, feminint og absolut romantisk smykke. Dette sortrhodinerede s\u00f8lvarmb\u00e5nd, fra vores Aida serie, er let og klassisk, og kan tilf\u00f8je noget elegant og s\u00f8dt til netop dit outfit. Hjertet p\u00e5 armb\u00e5ndet er sat med glitrende zirkonia sten, i h\u00f8j kvalitet, som virkelig f\u00e5r det ellers enkelte smykke til at str\u00e5le. Et hjerte er symbolsk p\u00e5 b\u00e5ndet mellem to mennesker, og armb\u00e5ndet er derfor en fantastisk gaveid\u00e9 til hende, der betyder noget helt s\u00e6rligt for dig.<\/p>\n<p>L\u00e6ngde:\u00a017+3 cm<\/p>\n<p>Bredde: 7 mm<\/p>\n<p>Sten:\u00a0Kubisk zirkonia<\/p>\n<p>Serie: AidaNor<\/p>\n","protected":false},"excerpt":{"rendered":"<p>Beskrivelse: Yndigt, feminint og absolut romantisk smykke. Dette sortrhodinerede s\u00f8lvarmb\u00e5nd, fra vores Aida serie, er let og klassisk, og kan tilf\u00f8je noget elegant og s\u00f8dt til netop dit outfit. Hjertet p\u00e5 armb\u00e5ndet er sat med glitrende zirkonia sten, i h\u00f8j kvalitet, som virkelig f\u00e5r det ellers enkelte smykke til at str\u00e5le. Et hjerte er symbolsk [&hellip;]<\/p>\n","protected":false},"featured_media":45755,"comment_status":"closed","ping_status":"closed","template":"","meta":{"_acf_changed":false,"_et_pb_use_builder":"","_et_pb_old_content":"","_et_gb_content_width":""},"product_brand":[],"product_cat":[6296,6309],"product_tag":[6310],"class_list":{"0":"post-45754","1":"product","2":"type-product","3":"status-publish","4":"has-post-thumbnail","6":"product_cat-armbaand","7":"product_cat-noa","8":"product_tag-joanli-nor","10":"first","11":"instock","12":"taxable","13":"shipping-taxable","14":"purchasable","15":"product-type-simple"},"acf":[],"_links":{"self":[{"href":"https:\/\/gavermedmening.dk\/index.php?rest_route=\/wp\/v2\/product\/45754","targetHints":{"allow":["GET"]}}],"collection":[{"href":"https:\/\/gavermedmening.dk\/index.php?rest_route=\/wp\/v2\/product"}],"about":[{"href":"https:\/\/gavermedmening.dk\/index.php?rest_route=\/wp\/v2\/types\/product"}],"replies":[{"embeddable":true,"href":"https:\/\/gavermedmening.dk\/index.php?rest_route=%2Fwp%2Fv2%2Fcomments&post=45754"}],"wp:featuredmedia":[{"embeddable":true,"href":"https:\/\/gavermedmening.dk\/index.php?rest_route=\/wp\/v2\/media\/45755"}],"wp:attachment":[{"href":"https:\/\/gavermedmening.dk\/index.php?rest_route=%2Fwp%2Fv2%2Fmedia&parent=45754"}],"wp:term":[{"taxonomy":"product_brand","embeddable":true,"href":"https:\/\/gavermedmening.dk\/index.php?rest_route=%2Fwp%2Fv2%2Fproduct_brand&post=45754"},{"taxonomy":"product_cat","embeddable":true,"href":"https:\/\/gavermedmening.dk\/index.php?rest_route=%2Fwp%2Fv2%2Fproduct_cat&post=45754"},{"taxonomy":"product_tag","embeddable":true,"href":"https:\/\/gavermedmening.dk\/index.php?rest_route=%2Fwp%2Fv2%2Fproduct_tag&post=45754"}],"curies":[{"name":"wp","href":"https:\/\/api.w.org\/{rel}","templated":true}]}}