{"id":47422,"date":"2024-06-28T18:35:37","date_gmt":"2024-06-28T18:35:37","guid":{"rendered":"https:\/\/gavermedmening.dk\/vare\/par-paa-klippe-stub\/"},"modified":"2025-06-26T17:29:01","modified_gmt":"2025-06-26T17:29:01","slug":"par-paa-klippe-stub","status":"publish","type":"product","link":"https:\/\/gavermedmening.dk\/?product=par-paa-klippe-stub","title":{"rendered":"Par p\u00e5 klippe\/stub"},"content":{"rendered":"<p><strong>Beskrivelse:<\/strong><\/p>\n<p>Par p\u00e5 sten\/klippe eller stub.<\/p>\n<p>Perfekt til bryllupsgave eller pargave.<\/p>\n<p>Kan ogs\u00e5 symbolisere at man som par sidder p\u00e5 klippen (Kristus)<\/p>\n<p>Lavet i polyresin &#8211; m\u00e5l: 23 x 17 cm<\/p>\n","protected":false},"excerpt":{"rendered":"<p>Beskrivelse: Par p\u00e5 sten\/klippe eller stub. Perfekt til bryllupsgave eller pargave. Kan ogs\u00e5 symbolisere at man som par sidder p\u00e5 klippen (Kristus) Lavet i polyresin &#8211; m\u00e5l: 23 x 17 cm<\/p>\n","protected":false},"featured_media":47423,"comment_status":"closed","ping_status":"closed","template":"","meta":{"_acf_changed":false,"_et_pb_use_builder":"","_et_pb_old_content":"","_et_gb_content_width":""},"product_brand":[],"product_cat":[6346,6341,6239],"product_tag":[],"class_list":{"0":"post-47422","1":"product","2":"type-product","3":"status-publish","4":"has-post-thumbnail","6":"product_cat-bryllup","7":"product_cat-figurer","8":"product_cat-kertegaarden","10":"first","11":"instock","12":"taxable","13":"shipping-taxable","14":"purchasable","15":"product-type-simple"},"acf":[],"_links":{"self":[{"href":"https:\/\/gavermedmening.dk\/index.php?rest_route=\/wp\/v2\/product\/47422","targetHints":{"allow":["GET"]}}],"collection":[{"href":"https:\/\/gavermedmening.dk\/index.php?rest_route=\/wp\/v2\/product"}],"about":[{"href":"https:\/\/gavermedmening.dk\/index.php?rest_route=\/wp\/v2\/types\/product"}],"replies":[{"embeddable":true,"href":"https:\/\/gavermedmening.dk\/index.php?rest_route=%2Fwp%2Fv2%2Fcomments&post=47422"}],"wp:featuredmedia":[{"embeddable":true,"href":"https:\/\/gavermedmening.dk\/index.php?rest_route=\/wp\/v2\/media\/47423"}],"wp:attachment":[{"href":"https:\/\/gavermedmening.dk\/index.php?rest_route=%2Fwp%2Fv2%2Fmedia&parent=47422"}],"wp:term":[{"taxonomy":"product_brand","embeddable":true,"href":"https:\/\/gavermedmening.dk\/index.php?rest_route=%2Fwp%2Fv2%2Fproduct_brand&post=47422"},{"taxonomy":"product_cat","embeddable":true,"href":"https:\/\/gavermedmening.dk\/index.php?rest_route=%2Fwp%2Fv2%2Fproduct_cat&post=47422"},{"taxonomy":"product_tag","embeddable":true,"href":"https:\/\/gavermedmening.dk\/index.php?rest_route=%2Fwp%2Fv2%2Fproduct_tag&post=47422"}],"curies":[{"name":"wp","href":"https:\/\/api.w.org\/{rel}","templated":true}]}}