{"id":47449,"date":"2024-06-29T07:55:05","date_gmt":"2024-06-29T06:55:05","guid":{"rendered":"https:\/\/gavermedmening.dk\/vare\/billede-be-still-and-know-that-i-am-god\/"},"modified":"2024-10-31T19:19:14","modified_gmt":"2024-10-31T19:19:14","slug":"billede-be-still-and-know-that-i-am-god","status":"publish","type":"product","link":"https:\/\/gavermedmening.dk\/?product=billede-be-still-and-know-that-i-am-god","title":{"rendered":"Billede &#8211; be still and know that I am God"},"content":{"rendered":"<p><strong>Beskrivelse:<\/strong><\/p>\n<p>Smukt Salme 46-v\u00e6gbillede med tr\u00e6ramme, trykt med vintage stil blomstermotiv.<\/p>\n<p>Vintage betyder, at varer er nyfremstillede, men har et &#8220;brugt&#8221; look.<\/p>\n<p>Tekst: &#8220;V\u00e6r stille &amp; vid, at jeg er Gud&#8221; (p\u00e5 engelsk) \u00a0med oph\u00e6ngningsanordning p\u00e5 bagsiden.<\/p>\n<ul>\n<li>Materiale: tr\u00e6 MDF<\/li>\n<li>St\u00f8rrelse: ca 35 x 48 cm<\/li>\n<li>Med oph\u00e6ngningsanordning p\u00e5 bagsiden<\/li>\n<\/ul>\n","protected":false},"excerpt":{"rendered":"<p>Beskrivelse: Smukt Salme 46-v\u00e6gbillede med tr\u00e6ramme, trykt med vintage stil blomstermotiv. Vintage betyder, at varer er nyfremstillede, men har et &#8220;brugt&#8221; look. Tekst: &#8220;V\u00e6r stille &amp; vid, at jeg er Gud&#8221; (p\u00e5 engelsk) \u00a0med oph\u00e6ngningsanordning p\u00e5 bagsiden. Materiale: tr\u00e6 MDF St\u00f8rrelse: ca 35 x 48 cm Med oph\u00e6ngningsanordning p\u00e5 bagsiden<\/p>\n","protected":false},"featured_media":47450,"comment_status":"closed","ping_status":"closed","template":"","meta":{"_acf_changed":false,"_et_pb_use_builder":"","_et_pb_old_content":"","_et_gb_content_width":""},"product_brand":[],"product_cat":[6340,6229],"product_tag":[],"class_list":{"0":"post-47449","1":"product","2":"type-product","3":"status-publish","4":"has-post-thumbnail","6":"product_cat-diverse-gaver","7":"product_cat-praisent","9":"first","10":"instock","11":"taxable","12":"shipping-taxable","13":"purchasable","14":"product-type-simple"},"acf":[],"_links":{"self":[{"href":"https:\/\/gavermedmening.dk\/index.php?rest_route=\/wp\/v2\/product\/47449","targetHints":{"allow":["GET"]}}],"collection":[{"href":"https:\/\/gavermedmening.dk\/index.php?rest_route=\/wp\/v2\/product"}],"about":[{"href":"https:\/\/gavermedmening.dk\/index.php?rest_route=\/wp\/v2\/types\/product"}],"replies":[{"embeddable":true,"href":"https:\/\/gavermedmening.dk\/index.php?rest_route=%2Fwp%2Fv2%2Fcomments&post=47449"}],"wp:featuredmedia":[{"embeddable":true,"href":"https:\/\/gavermedmening.dk\/index.php?rest_route=\/wp\/v2\/media\/47450"}],"wp:attachment":[{"href":"https:\/\/gavermedmening.dk\/index.php?rest_route=%2Fwp%2Fv2%2Fmedia&parent=47449"}],"wp:term":[{"taxonomy":"product_brand","embeddable":true,"href":"https:\/\/gavermedmening.dk\/index.php?rest_route=%2Fwp%2Fv2%2Fproduct_brand&post=47449"},{"taxonomy":"product_cat","embeddable":true,"href":"https:\/\/gavermedmening.dk\/index.php?rest_route=%2Fwp%2Fv2%2Fproduct_cat&post=47449"},{"taxonomy":"product_tag","embeddable":true,"href":"https:\/\/gavermedmening.dk\/index.php?rest_route=%2Fwp%2Fv2%2Fproduct_tag&post=47449"}],"curies":[{"name":"wp","href":"https:\/\/api.w.org\/{rel}","templated":true}]}}