{"id":51491,"date":"2024-10-20T17:14:23","date_gmt":"2024-10-20T17:14:23","guid":{"rendered":"https:\/\/gavermedmening.dk\/vare\/kvadratisk-notesarkholder-i-akryl-it-is-well-with-my-soul\/"},"modified":"2024-11-10T20:31:19","modified_gmt":"2024-11-10T20:31:19","slug":"kvadratisk-notesarkholder-i-akryl-it-is-well-with-my-soul","status":"publish","type":"product","link":"https:\/\/gavermedmening.dk\/?product=kvadratisk-notesarkholder-i-akryl-it-is-well-with-my-soul","title":{"rendered":"Kvadratisk notesarkholder i akryl &#8211; It is well with my soul"},"content":{"rendered":"<p><strong>Beskrivelse:<\/strong><\/p>\n<p>Disse akrylpapirbakker er det ideelle skrivebordsaccessory &#8211; perfekte til hurtige notater, b\u00f8nner, indk\u00f8bslister&#8230; hvad som helst!<\/p>\n<p>Papirfyldet kommer i en robust akrylbakke s\u00e5 dine ark holdes samlet.<\/p>\n<ul>\n<li>St\u00f8rrelse p\u00e5 ark: 15,2 cm kvadratisk &#8211; 125 stk<\/li>\n<li>Materiale: Akryl og papir<\/li>\n<\/ul>\n","protected":false},"excerpt":{"rendered":"<p>Beskrivelse: Disse akrylpapirbakker er det ideelle skrivebordsaccessory &#8211; perfekte til hurtige notater, b\u00f8nner, indk\u00f8bslister&#8230; hvad som helst! Papirfyldet kommer i en robust akrylbakke s\u00e5 dine ark holdes samlet. St\u00f8rrelse p\u00e5 ark: 15,2 cm kvadratisk &#8211; 125 stk Materiale: Akryl og papir<\/p>\n","protected":false},"featured_media":51492,"comment_status":"closed","ping_status":"closed","template":"","meta":{"_acf_changed":false,"_et_pb_use_builder":"","_et_pb_old_content":"","_et_gb_content_width":""},"product_brand":[],"product_cat":[6265,6396,6214],"product_tag":[],"class_list":{"0":"post-51491","1":"product","2":"type-product","3":"status-publish","4":"has-post-thumbnail","6":"product_cat-creative-brands","7":"product_cat-notesboeger-og-blokke","8":"product_cat-til-hjemmet","10":"first","11":"instock","12":"taxable","13":"shipping-taxable","14":"purchasable","15":"product-type-simple"},"acf":[],"_links":{"self":[{"href":"https:\/\/gavermedmening.dk\/index.php?rest_route=\/wp\/v2\/product\/51491","targetHints":{"allow":["GET"]}}],"collection":[{"href":"https:\/\/gavermedmening.dk\/index.php?rest_route=\/wp\/v2\/product"}],"about":[{"href":"https:\/\/gavermedmening.dk\/index.php?rest_route=\/wp\/v2\/types\/product"}],"replies":[{"embeddable":true,"href":"https:\/\/gavermedmening.dk\/index.php?rest_route=%2Fwp%2Fv2%2Fcomments&post=51491"}],"wp:featuredmedia":[{"embeddable":true,"href":"https:\/\/gavermedmening.dk\/index.php?rest_route=\/wp\/v2\/media\/51492"}],"wp:attachment":[{"href":"https:\/\/gavermedmening.dk\/index.php?rest_route=%2Fwp%2Fv2%2Fmedia&parent=51491"}],"wp:term":[{"taxonomy":"product_brand","embeddable":true,"href":"https:\/\/gavermedmening.dk\/index.php?rest_route=%2Fwp%2Fv2%2Fproduct_brand&post=51491"},{"taxonomy":"product_cat","embeddable":true,"href":"https:\/\/gavermedmening.dk\/index.php?rest_route=%2Fwp%2Fv2%2Fproduct_cat&post=51491"},{"taxonomy":"product_tag","embeddable":true,"href":"https:\/\/gavermedmening.dk\/index.php?rest_route=%2Fwp%2Fv2%2Fproduct_tag&post=51491"}],"curies":[{"name":"wp","href":"https:\/\/api.w.org\/{rel}","templated":true}]}}