{"id":52761,"date":"2024-06-20T17:14:58","date_gmt":"2024-06-20T17:14:58","guid":{"rendered":"https:\/\/gavermedmening.dk\/vare\/aloe-vera-gel-100-ml\/"},"modified":"2024-11-05T20:44:07","modified_gmt":"2024-11-05T20:44:07","slug":"aloe-vera-gel-100-ml","status":"publish","type":"product","link":"https:\/\/gavermedmening.dk\/?product=aloe-vera-gel-100-ml","title":{"rendered":"Aloe Vera Gel (100 ml)"},"content":{"rendered":"<p>Aloe Vera gel er en naturlig desinficerings- og kl\u00f8ed\u00e6mpende gel.<\/p>\n<p>Denne gel er beriget med E-vitamin og mineraler fra Det D\u00f8de Hav.<\/p>\n<p>Takket v\u00e6re sin k\u00f8le- og fugtighedseffekt er Aloe Vera gel den perfekte lindrende behandling for kl\u00f8e, forbr\u00e6ndinger, insektbid, solskoldning og r\u00f8dme. Desuden er den god til efterbehandling efter ansigtsbehandling og efterbehandling efter h\u00e5rfjerning p\u00e5 kroppen og barbering og til forebyggelse af ble udsl\u00e6t hos babyer.<\/p>\n<hr \/>\n<p>HB Dead Sea-produkterne er baseret p\u00e5 mineraler fra Det D\u00f8de Hav, beriget med vitaminer, planteekstrater og aromatiske olier for at opn\u00e5 sund og skinnende hud og h\u00e5r.<\/p>\n<p>De kosmetiske produkter fra Israel bliver fremstillet i overensstemmelse med internationale forskrifter (ISO og GMP) og ingen produkter er testet p\u00e5 dyr.<\/p>\n","protected":false},"excerpt":{"rendered":"<p>Aloe Vera gel er en naturlig desinficerings- og kl\u00f8ed\u00e6mpende gel. Denne gel er beriget med E-vitamin og mineraler fra Det D\u00f8de Hav. Takket v\u00e6re sin k\u00f8le- og fugtighedseffekt er Aloe Vera gel den perfekte lindrende behandling for kl\u00f8e, forbr\u00e6ndinger, insektbid, solskoldning og r\u00f8dme. Desuden er den god til efterbehandling efter ansigtsbehandling og efterbehandling efter h\u00e5rfjerning [&hellip;]<\/p>\n","protected":false},"featured_media":0,"comment_status":"closed","ping_status":"closed","template":"","meta":{"_acf_changed":false,"_et_pb_use_builder":"","_et_pb_old_content":"","_et_gb_content_width":""},"product_brand":[],"product_cat":[6406,6405],"product_tag":[6407],"class_list":{"0":"post-52761","1":"product","2":"type-product","3":"status-publish","5":"product_cat-hbds","6":"product_cat-personlig-pleje","7":"product_tag-health-beauty-dead-sea-miner","9":"first","10":"instock","11":"taxable","12":"shipping-taxable","13":"purchasable","14":"product-type-simple"},"acf":[],"_links":{"self":[{"href":"https:\/\/gavermedmening.dk\/index.php?rest_route=\/wp\/v2\/product\/52761","targetHints":{"allow":["GET"]}}],"collection":[{"href":"https:\/\/gavermedmening.dk\/index.php?rest_route=\/wp\/v2\/product"}],"about":[{"href":"https:\/\/gavermedmening.dk\/index.php?rest_route=\/wp\/v2\/types\/product"}],"replies":[{"embeddable":true,"href":"https:\/\/gavermedmening.dk\/index.php?rest_route=%2Fwp%2Fv2%2Fcomments&post=52761"}],"wp:attachment":[{"href":"https:\/\/gavermedmening.dk\/index.php?rest_route=%2Fwp%2Fv2%2Fmedia&parent=52761"}],"wp:term":[{"taxonomy":"product_brand","embeddable":true,"href":"https:\/\/gavermedmening.dk\/index.php?rest_route=%2Fwp%2Fv2%2Fproduct_brand&post=52761"},{"taxonomy":"product_cat","embeddable":true,"href":"https:\/\/gavermedmening.dk\/index.php?rest_route=%2Fwp%2Fv2%2Fproduct_cat&post=52761"},{"taxonomy":"product_tag","embeddable":true,"href":"https:\/\/gavermedmening.dk\/index.php?rest_route=%2Fwp%2Fv2%2Fproduct_tag&post=52761"}],"curies":[{"name":"wp","href":"https:\/\/api.w.org\/{rel}","templated":true}]}}