{"id":52767,"date":"2024-06-20T17:14:58","date_gmt":"2024-06-20T17:14:58","guid":{"rendered":"https:\/\/gavermedmening.dk\/vare\/multi-vitamin-behandling-til-haender-og-negle-180-ml\/"},"modified":"2024-11-05T20:59:58","modified_gmt":"2024-11-05T20:59:58","slug":"multi-vitamin-behandling-til-haender-og-negle-180-ml","status":"publish","type":"product","link":"https:\/\/gavermedmening.dk\/?product=multi-vitamin-behandling-til-haender-og-negle-180-ml","title":{"rendered":"Multi-vitamin behandling til h\u00e6nder og negle 180 ml"},"content":{"rendered":"<p><strong>Beskrivelse:<\/strong><\/p>\n<p>Cremen har en ikke-fedtet konsistens og er lavet specielt til dine h\u00e6nder og negle. Den har et beskyttende lag for sol og reng\u00f8ringsmidler. Desuden udglatter og bl\u00f8dg\u00f8r cremen dine h\u00e6nderne og styrker kn\u00e6kkede negle.<\/p>\n<p>Cremen indeholder olivenolie, Aloe Vera, kamille, tea tree ekstrakt og k\u00e6mpenatlysolie, vitamin A &amp; E og D\u00f8dehavsmineraler for at styrke hudens vitalitet og UV-filtre for at beskytte huden p\u00e5 dine h\u00e6nder.<\/p>\n<hr \/>\n<p>HB Dead Sea-produkterne er baseret p\u00e5 mineraler fra Det D\u00f8de Hav, beriget med vitaminer, planteekstrater og aromatiske olier for at opn\u00e5 sund og skinnende hud og h\u00e5r.<\/p>\n<p>De kosmetiske produkter fra Israel bliver fremstillet i overensstemmelse med internationale forskrifter (ISO og GMP) og ingen produkter er testet p\u00e5 dyr.<\/p>\n","protected":false},"excerpt":{"rendered":"<p>Beskrivelse: Cremen har en ikke-fedtet konsistens og er lavet specielt til dine h\u00e6nder og negle. Den har et beskyttende lag for sol og reng\u00f8ringsmidler. Desuden udglatter og bl\u00f8dg\u00f8r cremen dine h\u00e6nderne og styrker kn\u00e6kkede negle. Cremen indeholder olivenolie, Aloe Vera, kamille, tea tree ekstrakt og k\u00e6mpenatlysolie, vitamin A &amp; E og D\u00f8dehavsmineraler for at styrke [&hellip;]<\/p>\n","protected":false},"featured_media":0,"comment_status":"closed","ping_status":"closed","template":"","meta":{"_acf_changed":false,"_et_pb_use_builder":"","_et_pb_old_content":"","_et_gb_content_width":""},"product_brand":[],"product_cat":[6406,6405],"product_tag":[6407],"class_list":{"0":"post-52767","1":"product","2":"type-product","3":"status-publish","5":"product_cat-hbds","6":"product_cat-personlig-pleje","7":"product_tag-health-beauty-dead-sea-miner","9":"first","10":"instock","11":"taxable","12":"shipping-taxable","13":"purchasable","14":"product-type-simple"},"acf":[],"_links":{"self":[{"href":"https:\/\/gavermedmening.dk\/index.php?rest_route=\/wp\/v2\/product\/52767","targetHints":{"allow":["GET"]}}],"collection":[{"href":"https:\/\/gavermedmening.dk\/index.php?rest_route=\/wp\/v2\/product"}],"about":[{"href":"https:\/\/gavermedmening.dk\/index.php?rest_route=\/wp\/v2\/types\/product"}],"replies":[{"embeddable":true,"href":"https:\/\/gavermedmening.dk\/index.php?rest_route=%2Fwp%2Fv2%2Fcomments&post=52767"}],"wp:attachment":[{"href":"https:\/\/gavermedmening.dk\/index.php?rest_route=%2Fwp%2Fv2%2Fmedia&parent=52767"}],"wp:term":[{"taxonomy":"product_brand","embeddable":true,"href":"https:\/\/gavermedmening.dk\/index.php?rest_route=%2Fwp%2Fv2%2Fproduct_brand&post=52767"},{"taxonomy":"product_cat","embeddable":true,"href":"https:\/\/gavermedmening.dk\/index.php?rest_route=%2Fwp%2Fv2%2Fproduct_cat&post=52767"},{"taxonomy":"product_tag","embeddable":true,"href":"https:\/\/gavermedmening.dk\/index.php?rest_route=%2Fwp%2Fv2%2Fproduct_tag&post=52767"}],"curies":[{"name":"wp","href":"https:\/\/api.w.org\/{rel}","templated":true}]}}