{"id":52770,"date":"2024-06-20T17:10:38","date_gmt":"2024-06-20T17:10:38","guid":{"rendered":"https:\/\/gavermedmening.dk\/vare\/pso-skin-relief-cream-200-ml\/"},"modified":"2024-11-05T21:00:12","modified_gmt":"2024-11-05T21:00:12","slug":"pso-skin-relief-cream-200-ml","status":"publish","type":"product","link":"https:\/\/gavermedmening.dk\/?product=pso-skin-relief-cream-200-ml","title":{"rendered":"PSO Skin Relief Cream 200 ml"},"content":{"rendered":"<p><strong>Beskrivelse:<\/strong><\/p>\n<p>Denne psoriasis hudaflastningscreme er en unik, naturlig og hurtigt absorberende creme beriget med urteekstrakter, der beroliger huden og lindre adskillige hudproblemer s\u00e5som irritation og kl\u00f8e, udsl\u00e6t, ekstrem t\u00f8rhed efterfulgt af revner, sk\u00e6l og r\u00f8dme.<\/p>\n<p>Cremen er beriget med D\u00f8dehavsmineraler, hav-ukrudts ekstrakt, beroligende gr\u00f8n teekstrakt og regenererende avocadoolie, indeholder bl\u00f8dg\u00f8rende olivenolie, beriget med vitaminer og antioxidanter, sheasm\u00f8r til fornyelse af hudceller, Aloe Vera-ekstrakt til en afbalanceret fugt, ginseng, patchouliolie, kamille og vitamin C + E.<\/p>\n<p>Indeholder ikke steroider eller tj\u00e6rederivater. Den specielle kombination af rige ingredienser fugter og beroliger huden samt forbedrer dens struktur markant.<\/p>\n","protected":false},"excerpt":{"rendered":"<p>Beskrivelse: Denne psoriasis hudaflastningscreme er en unik, naturlig og hurtigt absorberende creme beriget med urteekstrakter, der beroliger huden og lindre adskillige hudproblemer s\u00e5som irritation og kl\u00f8e, udsl\u00e6t, ekstrem t\u00f8rhed efterfulgt af revner, sk\u00e6l og r\u00f8dme. Cremen er beriget med D\u00f8dehavsmineraler, hav-ukrudts ekstrakt, beroligende gr\u00f8n teekstrakt og regenererende avocadoolie, indeholder bl\u00f8dg\u00f8rende olivenolie, beriget med vitaminer og [&hellip;]<\/p>\n","protected":false},"featured_media":0,"comment_status":"closed","ping_status":"closed","template":"","meta":{"_acf_changed":false,"_et_pb_use_builder":"","_et_pb_old_content":"","_et_gb_content_width":""},"product_brand":[],"product_cat":[6406,6405],"product_tag":[6407],"class_list":{"0":"post-52770","1":"product","2":"type-product","3":"status-publish","5":"product_cat-hbds","6":"product_cat-personlig-pleje","7":"product_tag-health-beauty-dead-sea-miner","9":"first","10":"instock","11":"taxable","12":"shipping-taxable","13":"purchasable","14":"product-type-simple"},"acf":[],"_links":{"self":[{"href":"https:\/\/gavermedmening.dk\/index.php?rest_route=\/wp\/v2\/product\/52770","targetHints":{"allow":["GET"]}}],"collection":[{"href":"https:\/\/gavermedmening.dk\/index.php?rest_route=\/wp\/v2\/product"}],"about":[{"href":"https:\/\/gavermedmening.dk\/index.php?rest_route=\/wp\/v2\/types\/product"}],"replies":[{"embeddable":true,"href":"https:\/\/gavermedmening.dk\/index.php?rest_route=%2Fwp%2Fv2%2Fcomments&post=52770"}],"wp:attachment":[{"href":"https:\/\/gavermedmening.dk\/index.php?rest_route=%2Fwp%2Fv2%2Fmedia&parent=52770"}],"wp:term":[{"taxonomy":"product_brand","embeddable":true,"href":"https:\/\/gavermedmening.dk\/index.php?rest_route=%2Fwp%2Fv2%2Fproduct_brand&post=52770"},{"taxonomy":"product_cat","embeddable":true,"href":"https:\/\/gavermedmening.dk\/index.php?rest_route=%2Fwp%2Fv2%2Fproduct_cat&post=52770"},{"taxonomy":"product_tag","embeddable":true,"href":"https:\/\/gavermedmening.dk\/index.php?rest_route=%2Fwp%2Fv2%2Fproduct_tag&post=52770"}],"curies":[{"name":"wp","href":"https:\/\/api.w.org\/{rel}","templated":true}]}}