{"id":52785,"date":"2024-06-20T17:03:35","date_gmt":"2024-06-20T17:03:35","guid":{"rendered":"https:\/\/gavermedmening.dk\/vare\/ekstra-rig-avocadocreme-til-hele-kroppen-100-ml\/"},"modified":"2024-11-05T21:01:22","modified_gmt":"2024-11-05T21:01:22","slug":"ekstra-rig-avocadocreme-til-hele-kroppen-100-ml","status":"publish","type":"product","link":"https:\/\/gavermedmening.dk\/?product=ekstra-rig-avocadocreme-til-hele-kroppen-100-ml","title":{"rendered":"Ekstra rig avocadocreme til hele kroppen &#8211; 100 ml"},"content":{"rendered":"<p><strong>Beskrivelse:<\/strong><\/p>\n<p>Cremen er en hurtigt absorberende creme, der giver din hud en komplet n\u00e6ring.<\/p>\n<p>Den er beriget med vitamin C og E, D\u00f8dehavsmineraler sammen med naturlig avocado-olie kombineret med Aloe Vera-ekstrakt.<\/p>\n<p>Cremen er bedst egnet til meget t\u00f8r hud, specielt p\u00e5 omr\u00e5der med t\u00f8r hud som f\u00f8dder, albuer, l\u00e5r og ansigt. Den forhindre str\u00e6km\u00e6rker. Kraftfuld og fantastisk anti-rynke creme. Cremen giver ikke en fedtet fornemmelse og t\u00f8rrer hurtigt ind.<\/p>\n<p>Brugsanvisning: P\u00e5f\u00f8res dagligt p\u00e5 ren hud, helst efter badning. Mass\u00e9r cremen, indtil den er helt absorberet.<br \/>Anbefales til brug p\u00e5 t\u00f8rre omr\u00e5der.<\/p>\n<hr \/>\n<p>HB Dead Sea-produkterne er baseret p\u00e5 mineraler fra Det D\u00f8de Hav, beriget med vitaminer, planteekstrater og aromatiske olier for at opn\u00e5 sund og skinnende hud og h\u00e5r.<\/p>\n<p>De kosmetiske produkter fra Israel bliver fremstillet i overensstemmelse med internationale forskrifter (ISO og GMP) og ingen produkter er testet p\u00e5 dyr.<\/p>\n","protected":false},"excerpt":{"rendered":"<p>Beskrivelse: Cremen er en hurtigt absorberende creme, der giver din hud en komplet n\u00e6ring. Den er beriget med vitamin C og E, D\u00f8dehavsmineraler sammen med naturlig avocado-olie kombineret med Aloe Vera-ekstrakt. Cremen er bedst egnet til meget t\u00f8r hud, specielt p\u00e5 omr\u00e5der med t\u00f8r hud som f\u00f8dder, albuer, l\u00e5r og ansigt. Den forhindre str\u00e6km\u00e6rker. Kraftfuld [&hellip;]<\/p>\n","protected":false},"featured_media":0,"comment_status":"closed","ping_status":"closed","template":"","meta":{"_acf_changed":false,"_et_pb_use_builder":"","_et_pb_old_content":"","_et_gb_content_width":""},"product_brand":[],"product_cat":[6406,6405],"product_tag":[6407],"class_list":{"0":"post-52785","1":"product","2":"type-product","3":"status-publish","5":"product_cat-hbds","6":"product_cat-personlig-pleje","7":"product_tag-health-beauty-dead-sea-miner","9":"first","10":"instock","11":"taxable","12":"shipping-taxable","13":"purchasable","14":"product-type-simple"},"acf":[],"_links":{"self":[{"href":"https:\/\/gavermedmening.dk\/index.php?rest_route=\/wp\/v2\/product\/52785","targetHints":{"allow":["GET"]}}],"collection":[{"href":"https:\/\/gavermedmening.dk\/index.php?rest_route=\/wp\/v2\/product"}],"about":[{"href":"https:\/\/gavermedmening.dk\/index.php?rest_route=\/wp\/v2\/types\/product"}],"replies":[{"embeddable":true,"href":"https:\/\/gavermedmening.dk\/index.php?rest_route=%2Fwp%2Fv2%2Fcomments&post=52785"}],"wp:attachment":[{"href":"https:\/\/gavermedmening.dk\/index.php?rest_route=%2Fwp%2Fv2%2Fmedia&parent=52785"}],"wp:term":[{"taxonomy":"product_brand","embeddable":true,"href":"https:\/\/gavermedmening.dk\/index.php?rest_route=%2Fwp%2Fv2%2Fproduct_brand&post=52785"},{"taxonomy":"product_cat","embeddable":true,"href":"https:\/\/gavermedmening.dk\/index.php?rest_route=%2Fwp%2Fv2%2Fproduct_cat&post=52785"},{"taxonomy":"product_tag","embeddable":true,"href":"https:\/\/gavermedmening.dk\/index.php?rest_route=%2Fwp%2Fv2%2Fproduct_tag&post=52785"}],"curies":[{"name":"wp","href":"https:\/\/api.w.org\/{rel}","templated":true}]}}