{"id":52789,"date":"2024-06-20T17:03:35","date_gmt":"2024-06-20T17:03:35","guid":{"rendered":"https:\/\/gavermedmening.dk\/vare\/micellar-facial-cleansing-gel-250-ml\/"},"modified":"2024-11-05T21:01:41","modified_gmt":"2024-11-05T21:01:41","slug":"micellar-facial-cleansing-gel-250-ml","status":"publish","type":"product","link":"https:\/\/gavermedmening.dk\/?product=micellar-facial-cleansing-gel-250-ml","title":{"rendered":"Micellar facial cleansing gel &#8211; 250 ml"},"content":{"rendered":"<p><strong>Beskrivelse:<\/strong><\/p>\n<p>Micellar Cleansing Gel 3 i 1 Face Eyes Lips \u0096 ingen skylning n\u00f8dvendig.<br \/>Et vidunderligt produkt til rensning, tonic og makeup fjerner, alt i et produkt.<\/p>\n<p>Produktet indeholder Hyaluronsyre, Aloe Vera, E-vitamin og D\u00f8dehavsmineraler.<br \/>Resultatet: en vidunderlig f\u00f8lelse af renlighed og friskhed.<\/p>\n<p>Velegnet til alle hudtyper og udt\u00f8rrer ikke huden.<\/p>\n","protected":false},"excerpt":{"rendered":"<p>Beskrivelse: Micellar Cleansing Gel 3 i 1 Face Eyes Lips \u0096 ingen skylning n\u00f8dvendig.Et vidunderligt produkt til rensning, tonic og makeup fjerner, alt i et produkt. Produktet indeholder Hyaluronsyre, Aloe Vera, E-vitamin og D\u00f8dehavsmineraler.Resultatet: en vidunderlig f\u00f8lelse af renlighed og friskhed. Velegnet til alle hudtyper og udt\u00f8rrer ikke huden.<\/p>\n","protected":false},"featured_media":0,"comment_status":"closed","ping_status":"closed","template":"","meta":{"_acf_changed":false,"_et_pb_use_builder":"","_et_pb_old_content":"","_et_gb_content_width":""},"product_brand":[],"product_cat":[6406,6405],"product_tag":[6407],"class_list":{"0":"post-52789","1":"product","2":"type-product","3":"status-publish","5":"product_cat-hbds","6":"product_cat-personlig-pleje","7":"product_tag-health-beauty-dead-sea-miner","9":"first","10":"instock","11":"taxable","12":"shipping-taxable","13":"purchasable","14":"product-type-simple"},"acf":[],"_links":{"self":[{"href":"https:\/\/gavermedmening.dk\/index.php?rest_route=\/wp\/v2\/product\/52789","targetHints":{"allow":["GET"]}}],"collection":[{"href":"https:\/\/gavermedmening.dk\/index.php?rest_route=\/wp\/v2\/product"}],"about":[{"href":"https:\/\/gavermedmening.dk\/index.php?rest_route=\/wp\/v2\/types\/product"}],"replies":[{"embeddable":true,"href":"https:\/\/gavermedmening.dk\/index.php?rest_route=%2Fwp%2Fv2%2Fcomments&post=52789"}],"wp:attachment":[{"href":"https:\/\/gavermedmening.dk\/index.php?rest_route=%2Fwp%2Fv2%2Fmedia&parent=52789"}],"wp:term":[{"taxonomy":"product_brand","embeddable":true,"href":"https:\/\/gavermedmening.dk\/index.php?rest_route=%2Fwp%2Fv2%2Fproduct_brand&post=52789"},{"taxonomy":"product_cat","embeddable":true,"href":"https:\/\/gavermedmening.dk\/index.php?rest_route=%2Fwp%2Fv2%2Fproduct_cat&post=52789"},{"taxonomy":"product_tag","embeddable":true,"href":"https:\/\/gavermedmening.dk\/index.php?rest_route=%2Fwp%2Fv2%2Fproduct_tag&post=52789"}],"curies":[{"name":"wp","href":"https:\/\/api.w.org\/{rel}","templated":true}]}}