{"id":52794,"date":"2024-06-20T17:00:15","date_gmt":"2024-06-20T17:00:15","guid":{"rendered":"https:\/\/gavermedmening.dk\/vare\/saebefri-ansigtsrens-250-ml\/"},"modified":"2024-11-05T21:02:04","modified_gmt":"2024-11-05T21:02:04","slug":"saebefri-ansigtsrens-250-ml","status":"publish","type":"product","link":"https:\/\/gavermedmening.dk\/?product=saebefri-ansigtsrens-250-ml","title":{"rendered":"S\u00e6befri ansigtsrens &#8211; 250 ml"},"content":{"rendered":"<p><strong>Beskrivelse:<\/strong><\/p>\n<p>Den bedste m\u00e5de at holde huden sund p\u00e5, er at rense den grundigt. Det daglige tynde lag af snavs og sved kan sv\u00e6kke hudens evne til at se flot ud, blokere for de aktive ingredienser i kosmetiske produkter og blokere porerne.<\/p>\n<p>Dette er en blid s\u00e6befri peeling s\u00e6be med D\u00f8dehavs mudder, lavet specielt til daglig reng\u00f8ring. Den innovative formel til dette rensemiddel er beriget med D\u00f8dehavs mudder, som er kendt for sine mange kvaliteter. Den er ogs\u00e5 beriget med gr\u00f8n teekstrakt, tea tree olie, Aloe Vera og kamille.<\/p>\n<p>Peelingen fjerner de d\u00f8de hudceller, der f\u00e5r huden til at virke livl\u00f8s, ru og uj\u00e6vn. Den fjerner effektivt makeuprester, fedtet glans og snavs. Efter reng\u00f8ring med denne peeling s\u00e6be kan ethvert kosmetisk produkt bedre tr\u00e6nge igennem huden og v\u00e6re et bedre make up-fundament.<\/p>\n<p>Den er er velegnet til ung hud.<br \/>Velegnet til daglig brug og til normal hud.<\/p>\n","protected":false},"excerpt":{"rendered":"<p>Beskrivelse: Den bedste m\u00e5de at holde huden sund p\u00e5, er at rense den grundigt. Det daglige tynde lag af snavs og sved kan sv\u00e6kke hudens evne til at se flot ud, blokere for de aktive ingredienser i kosmetiske produkter og blokere porerne. Dette er en blid s\u00e6befri peeling s\u00e6be med D\u00f8dehavs mudder, lavet specielt til [&hellip;]<\/p>\n","protected":false},"featured_media":0,"comment_status":"closed","ping_status":"closed","template":"","meta":{"_acf_changed":false,"_et_pb_use_builder":"","_et_pb_old_content":"","_et_gb_content_width":""},"product_brand":[],"product_cat":[6406,6405],"product_tag":[6407],"class_list":{"0":"post-52794","1":"product","2":"type-product","3":"status-publish","5":"product_cat-hbds","6":"product_cat-personlig-pleje","7":"product_tag-health-beauty-dead-sea-miner","9":"first","10":"instock","11":"taxable","12":"shipping-taxable","13":"purchasable","14":"product-type-simple"},"acf":[],"_links":{"self":[{"href":"https:\/\/gavermedmening.dk\/index.php?rest_route=\/wp\/v2\/product\/52794","targetHints":{"allow":["GET"]}}],"collection":[{"href":"https:\/\/gavermedmening.dk\/index.php?rest_route=\/wp\/v2\/product"}],"about":[{"href":"https:\/\/gavermedmening.dk\/index.php?rest_route=\/wp\/v2\/types\/product"}],"replies":[{"embeddable":true,"href":"https:\/\/gavermedmening.dk\/index.php?rest_route=%2Fwp%2Fv2%2Fcomments&post=52794"}],"wp:attachment":[{"href":"https:\/\/gavermedmening.dk\/index.php?rest_route=%2Fwp%2Fv2%2Fmedia&parent=52794"}],"wp:term":[{"taxonomy":"product_brand","embeddable":true,"href":"https:\/\/gavermedmening.dk\/index.php?rest_route=%2Fwp%2Fv2%2Fproduct_brand&post=52794"},{"taxonomy":"product_cat","embeddable":true,"href":"https:\/\/gavermedmening.dk\/index.php?rest_route=%2Fwp%2Fv2%2Fproduct_cat&post=52794"},{"taxonomy":"product_tag","embeddable":true,"href":"https:\/\/gavermedmening.dk\/index.php?rest_route=%2Fwp%2Fv2%2Fproduct_tag&post=52794"}],"curies":[{"name":"wp","href":"https:\/\/api.w.org\/{rel}","templated":true}]}}