{"id":52808,"date":"2024-06-20T16:56:27","date_gmt":"2024-06-20T16:56:27","guid":{"rendered":"https:\/\/gavermedmening.dk\/vare\/intensiv-kollagen-natcreme-50-ml\/"},"modified":"2024-11-05T21:06:56","modified_gmt":"2024-11-05T21:06:56","slug":"intensiv-kollagen-natcreme-50-ml","status":"publish","type":"product","link":"https:\/\/gavermedmening.dk\/?product=intensiv-kollagen-natcreme-50-ml","title":{"rendered":"Intensiv kollagen natcreme 50 ml"},"content":{"rendered":"<p><strong>Beskrivelse:<\/strong><\/p>\n<p>N\u00e5r vi bliver \u00e6ldre, mister vi elasticiteten, og huden bliver slap. Sv\u00e6kkelsen af ansigtsmusklerne, hormonelle \u00e6ndringer, overdreven uds\u00e6ttelse for sol og aldring f\u00e5r huden til at virke l\u00f8s og rynket.<\/p>\n<p>Cremen er beriget med kollagen, antioxidant vitamin E + C + B5, calendula ekstrakt , Aloe Vera ekstrakt , avocado olie og mineraler fra Det D\u00f8de Hav.<\/p>\n<p>Cremen n\u00e6rer og opstrammer huden, bl\u00f8dg\u00f8r stress rynker, som akkumuleres i l\u00f8bet af dagen. Resultatet er en forynget, bl\u00f8d og glat ansigtshud med en sund naturlig gl\u00f8d.<\/p>\n<p>Velegnet til alle hudtyper.<\/p>\n<hr \/>\n<p>HB Dead Sea-produkterne er baseret p\u00e5 mineraler fra Det D\u00f8de Hav, beriget med vitaminer, planteekstrater og aromatiske olier for at opn\u00e5 sund og skinnende hud og h\u00e5r.<\/p>\n<p>De kosmetiske produkter fra Israel bliver fremstillet i overensstemmelse med internationale forskrifter (ISO og GMP) og ingen produkter er testet p\u00e5 dyr.<\/p>\n","protected":false},"excerpt":{"rendered":"<p>Beskrivelse: N\u00e5r vi bliver \u00e6ldre, mister vi elasticiteten, og huden bliver slap. Sv\u00e6kkelsen af ansigtsmusklerne, hormonelle \u00e6ndringer, overdreven uds\u00e6ttelse for sol og aldring f\u00e5r huden til at virke l\u00f8s og rynket. Cremen er beriget med kollagen, antioxidant vitamin E + C + B5, calendula ekstrakt , Aloe Vera ekstrakt , avocado olie og mineraler fra [&hellip;]<\/p>\n","protected":false},"featured_media":0,"comment_status":"closed","ping_status":"closed","template":"","meta":{"_acf_changed":false,"_et_pb_use_builder":"","_et_pb_old_content":"","_et_gb_content_width":""},"product_brand":[],"product_cat":[6406,6405],"product_tag":[6407],"class_list":{"0":"post-52808","1":"product","2":"type-product","3":"status-publish","5":"product_cat-hbds","6":"product_cat-personlig-pleje","7":"product_tag-health-beauty-dead-sea-miner","9":"first","10":"instock","11":"taxable","12":"shipping-taxable","13":"purchasable","14":"product-type-simple"},"acf":[],"_links":{"self":[{"href":"https:\/\/gavermedmening.dk\/index.php?rest_route=\/wp\/v2\/product\/52808","targetHints":{"allow":["GET"]}}],"collection":[{"href":"https:\/\/gavermedmening.dk\/index.php?rest_route=\/wp\/v2\/product"}],"about":[{"href":"https:\/\/gavermedmening.dk\/index.php?rest_route=\/wp\/v2\/types\/product"}],"replies":[{"embeddable":true,"href":"https:\/\/gavermedmening.dk\/index.php?rest_route=%2Fwp%2Fv2%2Fcomments&post=52808"}],"wp:attachment":[{"href":"https:\/\/gavermedmening.dk\/index.php?rest_route=%2Fwp%2Fv2%2Fmedia&parent=52808"}],"wp:term":[{"taxonomy":"product_brand","embeddable":true,"href":"https:\/\/gavermedmening.dk\/index.php?rest_route=%2Fwp%2Fv2%2Fproduct_brand&post=52808"},{"taxonomy":"product_cat","embeddable":true,"href":"https:\/\/gavermedmening.dk\/index.php?rest_route=%2Fwp%2Fv2%2Fproduct_cat&post=52808"},{"taxonomy":"product_tag","embeddable":true,"href":"https:\/\/gavermedmening.dk\/index.php?rest_route=%2Fwp%2Fv2%2Fproduct_tag&post=52808"}],"curies":[{"name":"wp","href":"https:\/\/api.w.org\/{rel}","templated":true}]}}