{"id":58025,"date":"2024-06-21T10:10:01","date_gmt":"2024-06-21T10:10:01","guid":{"rendered":"https:\/\/gavermedmening.dk\/vare\/boern-illustrerede-samtalekort-for-boern\/"},"modified":"2024-11-13T06:48:40","modified_gmt":"2024-11-13T06:48:40","slug":"boern-illustrerede-samtalekort-for-boern","status":"publish","type":"product","link":"https:\/\/gavermedmening.dk\/?product=boern-illustrerede-samtalekort-for-boern","title":{"rendered":"B\u00f8rn -illustrerede samtalekort for b\u00f8rn"},"content":{"rendered":"<p><strong>Beskrivelse:<\/strong><\/p>\n<p>Illustrerede samtalekort til b\u00f8rn og b\u00f8rnefamilier med plads til leg, nysgerrighed og tryghed.\u00a0B\u00d8RN er et hyggeligt og l\u00e6rerigt kortspil, udviklet til at hj\u00e6lpe b\u00f8rn med at l\u00e6re sig selv, og menneskerne omkring dem, bedre at kende. Spillet har fokus p\u00e5 at styrke empati, nysgerrighed og evnen til fort\u00e6lle og udtrykke ens tanker.\u00a0<\/p>\n<p><strong><span class=\"summary__title\"><span class=\"accordion__title\">S\u00e5dan spiller du:<\/span><\/span><\/strong><\/p>\n<div class=\"accordion__content rte\">\n<p>B\u00d8RN er et n\u00e6sten almindeligt s\u00e6t spillekort. Spil f.eks. fisk som er let genkendeligt for b\u00f8rn.<\/p>\n<p>P\u00e5 alle kort er der enten et ord eller et tema. N\u00e5r en spiller har samlet et helt stik, har spilleren fire ord p\u00e5 kortene at fort\u00e6lle ud fra. Spilleren m\u00e5 selv v\u00e6lge hvilke ord, man vil fort\u00e6lle om.<\/p>\n<p>De andre skal stille sp\u00f8rgsm\u00e5l og hj\u00e6lpe den der fort\u00e6lle med at uddybe. Det er vigtigt, at man ikke overtager snakken, men man \u00f8ver sig p\u00e5 at lytte. N\u00e5r en spiller er f\u00e6rdig med at fort\u00e6lle, spilles spillet videre, indtil en ny spiller f\u00e5r et stik.<\/p>\n<p>Spillet kan b\u00e5de spilles af to personer eller i mindre grupper &#8211; b\u00e5de blandt b\u00f8rn og med b\u00f8rn.<\/p>\n<p>Spillet best\u00e5r af 56 spillekort og 1 regelkort.<\/p>\n<p><strong><span class=\"summary__title\"><span class=\"accordion__title\">Eksempler p\u00e5 emner:<\/span><\/span><\/strong><\/p>\n<p>SYGDOM &#8211;\u00a0SUNDHED &#8211;\u00a0NATUR &#8211;\u00a0USUNDT &#8211;\u00a0SKOLE &#8211;\u00a0VREDE &#8211;\u00a0DRENGE OG PIGER &#8211;\u00a0TRISTHED &#8211;\u00a0SPORT &#8211;\u00a0SKILSMISSE &#8211;\u00a0JALOUSI &#8211;\u00a0HJ\u00c6LP &#8211;\u00a0SAMARBEJDE &#8211;\u00a0VENSKABER &#8211;\u00a0HISTORIER &#8211;\u00a0K\u00c6RLIGHED &#8211;\u00a0FOR\u00c6LDRE<\/p>\n<\/div>\n","protected":false},"excerpt":{"rendered":"<p>Beskrivelse: Illustrerede samtalekort til b\u00f8rn og b\u00f8rnefamilier med plads til leg, nysgerrighed og tryghed.\u00a0B\u00d8RN er et hyggeligt og l\u00e6rerigt kortspil, udviklet til at hj\u00e6lpe b\u00f8rn med at l\u00e6re sig selv, og menneskerne omkring dem, bedre at kende. Spillet har fokus p\u00e5 at styrke empati, nysgerrighed og evnen til fort\u00e6lle og udtrykke ens tanker.\u00a0 S\u00e5dan spiller [&hellip;]<\/p>\n","protected":false},"featured_media":0,"comment_status":"closed","ping_status":"closed","template":"","meta":{"_acf_changed":false,"_et_pb_use_builder":"","_et_pb_old_content":"","_et_gb_content_width":""},"product_brand":[],"product_cat":[6362,6435],"product_tag":[],"class_list":{"0":"post-58025","1":"product","2":"type-product","3":"status-publish","5":"product_cat-kort-til-samtale-boen-opmuntring","6":"product_cat-snak","8":"first","9":"instock","10":"taxable","11":"shipping-taxable","12":"purchasable","13":"product-type-simple"},"acf":[],"_links":{"self":[{"href":"https:\/\/gavermedmening.dk\/index.php?rest_route=\/wp\/v2\/product\/58025","targetHints":{"allow":["GET"]}}],"collection":[{"href":"https:\/\/gavermedmening.dk\/index.php?rest_route=\/wp\/v2\/product"}],"about":[{"href":"https:\/\/gavermedmening.dk\/index.php?rest_route=\/wp\/v2\/types\/product"}],"replies":[{"embeddable":true,"href":"https:\/\/gavermedmening.dk\/index.php?rest_route=%2Fwp%2Fv2%2Fcomments&post=58025"}],"wp:attachment":[{"href":"https:\/\/gavermedmening.dk\/index.php?rest_route=%2Fwp%2Fv2%2Fmedia&parent=58025"}],"wp:term":[{"taxonomy":"product_brand","embeddable":true,"href":"https:\/\/gavermedmening.dk\/index.php?rest_route=%2Fwp%2Fv2%2Fproduct_brand&post=58025"},{"taxonomy":"product_cat","embeddable":true,"href":"https:\/\/gavermedmening.dk\/index.php?rest_route=%2Fwp%2Fv2%2Fproduct_cat&post=58025"},{"taxonomy":"product_tag","embeddable":true,"href":"https:\/\/gavermedmening.dk\/index.php?rest_route=%2Fwp%2Fv2%2Fproduct_tag&post=58025"}],"curies":[{"name":"wp","href":"https:\/\/api.w.org\/{rel}","templated":true}]}}