{"id":58035,"date":"2024-06-21T10:06:46","date_gmt":"2024-06-21T10:06:46","guid":{"rendered":"https:\/\/gavermedmening.dk\/vare\/go-samtale-om-at-blive-foraeldre\/"},"modified":"2024-11-13T06:49:31","modified_gmt":"2024-11-13T06:49:31","slug":"go-samtale-om-at-blive-foraeldre","status":"publish","type":"product","link":"https:\/\/gavermedmening.dk\/?product=go-samtale-om-at-blive-foraeldre","title":{"rendered":"Go&#8217; samtale &#8211; om at blive for\u00e6ldre"},"content":{"rendered":"<p><strong>Beskrivelse<\/strong>:<\/p>\n<p>Go\u0092 Samtale om at blive for\u00e6ldre\u00a0er en enkel hj\u00e6lp til at f\u00e5 talt med din partner om de gl\u00e6der, f\u00f8lelser og forandringer, der f\u00f8lger med at blive en familie.<\/p>\n<p>God kommunikation\u00a0g\u00f8r det nemmere for jer at passe p\u00e5 jeres parforhold og st\u00e5 sammen om familielivets udfordringer.<\/p>\n<p>\u00c6skens 30 samtalekort er inddelt i tre kategorier:\u00a0<em>Familiev\u00e6rdier,\u00a0<\/em><em>Parforholdet\u00a0<\/em>samt\u00a0<em>Tro &amp; dannelse<\/em>.<\/p>\n<p>Hvert kort har et tema og tre sp\u00f8rgsm\u00e5l, der \u00e5bner samtalen op.<\/p>\n<p>Samtalekortene er udviklet i samarbejde med den folkekirkelige organisation &#8216;B\u00f8rn i kirken&#8217;.<\/p>\n","protected":false},"excerpt":{"rendered":"<p>Beskrivelse: Go\u0092 Samtale om at blive for\u00e6ldre\u00a0er en enkel hj\u00e6lp til at f\u00e5 talt med din partner om de gl\u00e6der, f\u00f8lelser og forandringer, der f\u00f8lger med at blive en familie. God kommunikation\u00a0g\u00f8r det nemmere for jer at passe p\u00e5 jeres parforhold og st\u00e5 sammen om familielivets udfordringer. \u00c6skens 30 samtalekort er inddelt i tre kategorier:\u00a0Familiev\u00e6rdier,\u00a0Parforholdet\u00a0samt\u00a0Tro [&hellip;]<\/p>\n","protected":false},"featured_media":0,"comment_status":"closed","ping_status":"closed","template":"","meta":{"_acf_changed":false,"_et_pb_use_builder":"","_et_pb_old_content":"","_et_gb_content_width":""},"product_brand":[],"product_cat":[6362],"product_tag":[],"class_list":{"0":"post-58035","1":"product","2":"type-product","3":"status-publish","5":"product_cat-kort-til-samtale-boen-opmuntring","7":"first","8":"instock","9":"taxable","10":"shipping-taxable","11":"purchasable","12":"product-type-simple"},"acf":[],"_links":{"self":[{"href":"https:\/\/gavermedmening.dk\/index.php?rest_route=\/wp\/v2\/product\/58035","targetHints":{"allow":["GET"]}}],"collection":[{"href":"https:\/\/gavermedmening.dk\/index.php?rest_route=\/wp\/v2\/product"}],"about":[{"href":"https:\/\/gavermedmening.dk\/index.php?rest_route=\/wp\/v2\/types\/product"}],"replies":[{"embeddable":true,"href":"https:\/\/gavermedmening.dk\/index.php?rest_route=%2Fwp%2Fv2%2Fcomments&post=58035"}],"wp:attachment":[{"href":"https:\/\/gavermedmening.dk\/index.php?rest_route=%2Fwp%2Fv2%2Fmedia&parent=58035"}],"wp:term":[{"taxonomy":"product_brand","embeddable":true,"href":"https:\/\/gavermedmening.dk\/index.php?rest_route=%2Fwp%2Fv2%2Fproduct_brand&post=58035"},{"taxonomy":"product_cat","embeddable":true,"href":"https:\/\/gavermedmening.dk\/index.php?rest_route=%2Fwp%2Fv2%2Fproduct_cat&post=58035"},{"taxonomy":"product_tag","embeddable":true,"href":"https:\/\/gavermedmening.dk\/index.php?rest_route=%2Fwp%2Fv2%2Fproduct_tag&post=58035"}],"curies":[{"name":"wp","href":"https:\/\/api.w.org\/{rel}","templated":true}]}}