{"id":58036,"date":"2024-06-21T10:04:50","date_gmt":"2024-06-21T10:04:50","guid":{"rendered":"https:\/\/gavermedmening.dk\/vare\/go-samtale-parudgave\/"},"modified":"2024-11-13T06:49:41","modified_gmt":"2024-11-13T06:49:41","slug":"go-samtale-parudgave","status":"publish","type":"product","link":"https:\/\/gavermedmening.dk\/?product=go-samtale-parudgave","title":{"rendered":"Go&#8217; samtale &#8211; parudgave"},"content":{"rendered":"<p><iframe data-src=\"https:\/\/www.youtube.com\/embed\/BvQIUGZUHFg\" width=\"500\" height=\"281\" frameborder=\"0\" allowfullscreen=\"allowfullscreen\" src=\"data:image\/svg+xml;base64,PHN2ZyB3aWR0aD0iMSIgaGVpZ2h0PSIxIiB4bWxucz0iaHR0cDovL3d3dy53My5vcmcvMjAwMC9zdmciPjwvc3ZnPg==\" class=\"lazyload\" data-load-mode=\"1\"><\/iframe><\/p>\n<p><strong>Beskrivelse<\/strong>:<\/p>\n<div>F\u00e5 et st\u00e6rkere parforhold gennem st\u00f8rre kendskab og forst\u00e5else for hinanden.<\/p>\n<p>GO\u0092 SAMTALE parudgave er 90 samtalekort om parforholdets gl\u00e6der og udfordringer.<\/p>\n<\/div>\n<div>Fem kategorier: Det inderste, Vores hverdag, T\u00e6t p\u00e5, Go\u0092 sex og F\u00e6lles retning.<br \/>\u00a0<br \/>Hvert kort har sit eget emne og tre sp\u00f8rgsm\u00e5l, der hj\u00e6lper jer i gang med sp\u00e6ndende samtaler.<br \/>\u00a0<\/div>\n<div>Eksempler p\u00e5 emner: Tillid, selvv\u00e6rd, lyst, vaner, samarbejde, ber\u00f8ring, opm\u00e6rksomhed, bekymringer, dr\u00f8mme, v\u00e6rdier + mange flere.<\/div>\n<div>Inkluderet: 18 siders booklet med 7 gode r\u00e5d til bedre kommunikation i parforholdet, skrevet af direkt\u00f8r og cand.psych, Mattias Due Madsen, Center for Famileudvikling, som er medudvikler.<\/div>\n<div>For par i alle aldre.<\/div>\n","protected":false},"excerpt":{"rendered":"<p>Beskrivelse: F\u00e5 et st\u00e6rkere parforhold gennem st\u00f8rre kendskab og forst\u00e5else for hinanden. GO\u0092 SAMTALE parudgave er 90 samtalekort om parforholdets gl\u00e6der og udfordringer. Fem kategorier: Det inderste, Vores hverdag, T\u00e6t p\u00e5, Go\u0092 sex og F\u00e6lles retning.\u00a0Hvert kort har sit eget emne og tre sp\u00f8rgsm\u00e5l, der hj\u00e6lper jer i gang med sp\u00e6ndende samtaler.\u00a0 Eksempler p\u00e5 emner: [&hellip;]<\/p>\n","protected":false},"featured_media":0,"comment_status":"closed","ping_status":"closed","template":"","meta":{"_acf_changed":false,"_et_pb_use_builder":"","_et_pb_old_content":"","_et_gb_content_width":""},"product_brand":[],"product_cat":[6362],"product_tag":[],"class_list":{"0":"post-58036","1":"product","2":"type-product","3":"status-publish","5":"product_cat-kort-til-samtale-boen-opmuntring","7":"first","8":"instock","9":"taxable","10":"shipping-taxable","11":"purchasable","12":"product-type-simple"},"acf":[],"_links":{"self":[{"href":"https:\/\/gavermedmening.dk\/index.php?rest_route=\/wp\/v2\/product\/58036","targetHints":{"allow":["GET"]}}],"collection":[{"href":"https:\/\/gavermedmening.dk\/index.php?rest_route=\/wp\/v2\/product"}],"about":[{"href":"https:\/\/gavermedmening.dk\/index.php?rest_route=\/wp\/v2\/types\/product"}],"replies":[{"embeddable":true,"href":"https:\/\/gavermedmening.dk\/index.php?rest_route=%2Fwp%2Fv2%2Fcomments&post=58036"}],"wp:attachment":[{"href":"https:\/\/gavermedmening.dk\/index.php?rest_route=%2Fwp%2Fv2%2Fmedia&parent=58036"}],"wp:term":[{"taxonomy":"product_brand","embeddable":true,"href":"https:\/\/gavermedmening.dk\/index.php?rest_route=%2Fwp%2Fv2%2Fproduct_brand&post=58036"},{"taxonomy":"product_cat","embeddable":true,"href":"https:\/\/gavermedmening.dk\/index.php?rest_route=%2Fwp%2Fv2%2Fproduct_cat&post=58036"},{"taxonomy":"product_tag","embeddable":true,"href":"https:\/\/gavermedmening.dk\/index.php?rest_route=%2Fwp%2Fv2%2Fproduct_tag&post=58036"}],"curies":[{"name":"wp","href":"https:\/\/api.w.org\/{rel}","templated":true}]}}