{"id":60604,"date":"2024-11-26T11:36:27","date_gmt":"2024-11-26T11:36:27","guid":{"rendered":"https:\/\/gavermedmening.dk\/?post_type=product&p=60604"},"modified":"2024-11-26T12:08:22","modified_gmt":"2024-11-26T12:08:22","slug":"bibelomslag-i-aegte-laeder-med-nitter-haandlavet","status":"publish","type":"product","link":"https:\/\/gavermedmening.dk\/?product=bibelomslag-i-aegte-laeder-med-nitter-haandlavet","title":{"rendered":"Bibelomslag i \u00e6gte l\u00e6der med nitter &#8211; h\u00e5ndlavet"},"content":{"rendered":"<p><strong>Produktdetaljer<\/strong><\/p>\n<p>Sikret snaplukning holder siderne p\u00e5 plads.<\/p>\n<p>Tilpasses din pr\u00e6cise bibelst\u00f8rrelse. Angiv blot den pr\u00e6cise st\u00f8rrelse p\u00e5 bibelen.<\/p>\n<p>V\u00e6lg et design (1-6) i guld, s\u00f8lv, uden farvestempling eller hold det enkelt.<\/p>\n<p>Indvendige lommer til opbevaring af noter, kort og sm\u00e5ting.<\/p>\n<p>Praktisk blyantholder til at have et skriveredskab lige ved h\u00e5nden.<\/p>\n<p>Inkluderer et matchende bogm\u00e6rke for nemt at markere passager.<\/p>\n<p>F\u00e5s i l\u00e6derfarver: Sort, Cognac, M\u00f8rkebrun, Gr\u00f8n, Lys Cognac.<\/p>\n<p><strong>Design og Funktionalitet<\/strong><\/p>\n<ul>\n<li>Nitter tilf\u00f8jer et stilfuldt, robust pr\u00e6g.<\/li>\n<li>Lommer og blyantholder giver nem organisering.<\/li>\n<li>Bogm\u00e6rket muligg\u00f8r hurtig reference til vigtige vers.<\/li>\n<li>Snaplukningen beskytter bibelens sider mod skade.<\/li>\n<\/ul>\n<p>Perfekt til<\/p>\n<ul>\n<li>Personlig daglig brug og bibelstudium.<\/li>\n<li>Beskyttelse af din bibel under rejse eller i en taske.<\/li>\n<li>Gave til venner, familie eller menighedsmedlemmer.<\/li>\n<\/ul>\n<p><strong>Funktioner og Fordele<\/strong><\/p>\n<ul>\n<li>\u00c6gte l\u00e6der: for langvarig holdbarhed.<\/li>\n<li>Snaplukning: for sikkert at holde Bibelens sider beskyttede og p\u00e5 plads.<\/li>\n<li>Flere indvendige lommer: til praktisk opbevaring af noter, kort og n\u00f8dvendigheder.<\/li>\n<li>Blyantholder: for at sikre, at du altid har et skriveredskab ved h\u00e5nden.<\/li>\n<\/ul>\n<p><strong>Holdbarhed og Pleje<\/strong><\/p>\n<p>Bibelomslaget er lavet for at beskytte din k\u00e6re bibel i mange \u00e5r. Det \u00e6gte l\u00e6der er modstandsdygtigt over for daglig brug. Ingen s\u00e6rlig pleje er n\u00f8dvendig for at opretholde omslagets udseende og funktionalitet.<\/p>\n<p><strong>Personalisering<\/strong><\/p>\n<p>1. Laserindgravering: br\u00e6ndt ind i l\u00e6deret med tekst eller billede, logo eller en hjertelig besked. N\u00e5r du har bestilt kan du sende dit billede eller logo til info@artos.dk, og lad os klare resten.<\/p>\n<p>2. Pr\u00e6gning\/stempling: pr\u00e6get ind i l\u00e6deret med varme metal bogstaver. Bedst til initialer, symboler eller korte ord.<\/p>\n<p>3. Farvet pr\u00e6gning: Det samme som pr\u00e6gning, men med p\u00e5f\u00f8ring af s\u00f8lv- eller guldfarvet folie. Bedst til initialer, symboler og korte ord.<\/p>\n<p>Personalisering koster 75,- og bestilles ved at maile til info@artos.dk<\/p>\n","protected":false},"excerpt":{"rendered":"<p>Beskyt og personligg\u00f8r din yndlingsbibel med dette h\u00e5ndlavede l\u00e6derbibelomslag med nitter. Fremstillet af \u00e6gte l\u00e6der giver dette omslag b\u00e5de stil og funktionalitet til dit daglige bibelbrug<\/p>\n","protected":false},"featured_media":60625,"comment_status":"closed","ping_status":"closed","template":"","meta":{"_acf_changed":false,"_et_pb_use_builder":"","_et_pb_old_content":"","_et_gb_content_width":""},"product_brand":[],"product_cat":[6438,6364],"product_tag":[],"class_list":{"0":"post-60604","1":"product","2":"type-product","3":"status-publish","4":"has-post-thumbnail","6":"product_cat-pikore","7":"product_cat-til-bibelen","8":"pa_farve-cognac","9":"pa_farve-groen","10":"pa_farve-lys-cognac","11":"pa_farve-moerkebrun","12":"pa_farve-sort","13":"pa_stoerrrelse-a4-21-cm-x-297-cm","14":"pa_stoerrrelse-a5-147-cm-x-21-cm","15":"pa_stoerrrelse-us-letter-216-x-279-cm","16":"pa_stoerrrelse-us-letter-half-size-14-x-216-cm","18":"first","19":"instock","20":"taxable","21":"shipping-taxable","22":"product-type-variable"},"acf":[],"_links":{"self":[{"href":"https:\/\/gavermedmening.dk\/index.php?rest_route=\/wp\/v2\/product\/60604","targetHints":{"allow":["GET"]}}],"collection":[{"href":"https:\/\/gavermedmening.dk\/index.php?rest_route=\/wp\/v2\/product"}],"about":[{"href":"https:\/\/gavermedmening.dk\/index.php?rest_route=\/wp\/v2\/types\/product"}],"replies":[{"embeddable":true,"href":"https:\/\/gavermedmening.dk\/index.php?rest_route=%2Fwp%2Fv2%2Fcomments&post=60604"}],"wp:featuredmedia":[{"embeddable":true,"href":"https:\/\/gavermedmening.dk\/index.php?rest_route=\/wp\/v2\/media\/60625"}],"wp:attachment":[{"href":"https:\/\/gavermedmening.dk\/index.php?rest_route=%2Fwp%2Fv2%2Fmedia&parent=60604"}],"wp:term":[{"taxonomy":"product_brand","embeddable":true,"href":"https:\/\/gavermedmening.dk\/index.php?rest_route=%2Fwp%2Fv2%2Fproduct_brand&post=60604"},{"taxonomy":"product_cat","embeddable":true,"href":"https:\/\/gavermedmening.dk\/index.php?rest_route=%2Fwp%2Fv2%2Fproduct_cat&post=60604"},{"taxonomy":"product_tag","embeddable":true,"href":"https:\/\/gavermedmening.dk\/index.php?rest_route=%2Fwp%2Fv2%2Fproduct_tag&post=60604"}],"curies":[{"name":"wp","href":"https:\/\/api.w.org\/{rel}","templated":true}]}}