{"id":60742,"date":"2024-11-27T21:32:25","date_gmt":"2024-11-27T21:32:25","guid":{"rendered":"https:\/\/gavermedmening.dk\/?post_type=product&#038;p=60742"},"modified":"2024-12-06T15:00:24","modified_gmt":"2024-12-06T15:00:24","slug":"fearfully-printed-hoodie-women","status":"publish","type":"product","link":"https:\/\/gavermedmening.dk\/?product=fearfully-printed-hoodie-women","title":{"rendered":"Fearfully  &#8211; printed hoodie (women)"},"content":{"rendered":"<p>Kristen hoodie til hverdagsbrug med printet<\/p>\n<p><strong>&#8220;I am Fearfully &amp; Wonderfully Made&#8221; <\/strong><\/p>\n<p>skrevet p\u00e5 bagsiden af \u200b\u200bh\u00e6ttetr\u00f8jen.<\/p>\n<p>B\u00e6r din tro, del din tro, spred evangeliet.<\/p>\n","protected":false},"excerpt":{"rendered":"<p>Kristen hoodie til hverdagsbrug med printet &#8220;I am Fearfully &amp; Wonderfully Made&#8221; skrevet p\u00e5 bagsiden af \u200b\u200bh\u00e6ttetr\u00f8jen. B\u00e6r din tro, del din tro, spred evangeliet.<\/p>\n","protected":false},"featured_media":60784,"comment_status":"closed","ping_status":"closed","template":"","meta":{"_acf_changed":false,"_et_pb_use_builder":"","_et_pb_old_content":"","_et_gb_content_width":""},"product_brand":[],"product_cat":[6160],"product_tag":[6449],"class_list":{"0":"post-60742","1":"product","2":"type-product","3":"status-publish","4":"has-post-thumbnail","6":"product_cat-hoodie-dame","7":"product_tag-hoodie","8":"pa_farve-black","9":"pa_farve-bottle-green","10":"pa_farve-burgundy","11":"pa_farve-navy-blue","12":"pa_farve-white","13":"pa_stoerrrelse-large","14":"pa_stoerrrelse-medium","15":"pa_stoerrrelse-small","16":"pa_stoerrrelse-x-large","18":"first","19":"instock","20":"taxable","21":"shipping-taxable","22":"purchasable","23":"product-type-variable"},"acf":[],"_links":{"self":[{"href":"https:\/\/gavermedmening.dk\/index.php?rest_route=\/wp\/v2\/product\/60742","targetHints":{"allow":["GET"]}}],"collection":[{"href":"https:\/\/gavermedmening.dk\/index.php?rest_route=\/wp\/v2\/product"}],"about":[{"href":"https:\/\/gavermedmening.dk\/index.php?rest_route=\/wp\/v2\/types\/product"}],"replies":[{"embeddable":true,"href":"https:\/\/gavermedmening.dk\/index.php?rest_route=%2Fwp%2Fv2%2Fcomments&post=60742"}],"wp:featuredmedia":[{"embeddable":true,"href":"https:\/\/gavermedmening.dk\/index.php?rest_route=\/wp\/v2\/media\/60784"}],"wp:attachment":[{"href":"https:\/\/gavermedmening.dk\/index.php?rest_route=%2Fwp%2Fv2%2Fmedia&parent=60742"}],"wp:term":[{"taxonomy":"product_brand","embeddable":true,"href":"https:\/\/gavermedmening.dk\/index.php?rest_route=%2Fwp%2Fv2%2Fproduct_brand&post=60742"},{"taxonomy":"product_cat","embeddable":true,"href":"https:\/\/gavermedmening.dk\/index.php?rest_route=%2Fwp%2Fv2%2Fproduct_cat&post=60742"},{"taxonomy":"product_tag","embeddable":true,"href":"https:\/\/gavermedmening.dk\/index.php?rest_route=%2Fwp%2Fv2%2Fproduct_tag&post=60742"}],"curies":[{"name":"wp","href":"https:\/\/api.w.org\/{rel}","templated":true}]}}